{"id":1608,"date":"2021-10-26T09:24:25","date_gmt":"2021-10-26T09:24:25","guid":{"rendered":"https:\/\/kopie.cebotech.de\/?post_type=product&#038;p=1608"},"modified":"2022-10-26T16:40:54","modified_gmt":"2022-10-26T16:40:54","slug":"punkt-und-buckelschweissmaschinen-in-tischausfuehrung-32-63-kva","status":"publish","type":"product","link":"https:\/\/kopie.cebotech.de\/?product=punkt-und-buckelschweissmaschinen-in-tischausfuehrung-32-63-kva","title":{"rendered":"Punkt- und Buckelschwei\u00dfmaschinen in Tischausf\u00fchrung 32 &#8211; 63 kVA"},"content":{"rendered":"<div class=\"contentelement\">\n<div id=\"c757\" class=\"csc-default\">\n<ul>\n<li>Microprozessor Schwei\u00df-Steuerung\u00a0TE550\u00a0mit direkter Ablese des Schwei\u00dfstroms.<\/li>\n<li>Pneumatikzylinder mit Chromstahlwandung f\u00fcr Langzeitproduktionsschwei\u00dfungen, mit einstellbarer Verdrehsicherung.<\/li>\n<li>Schmierungsfreie Pneumatik-Bestandteile. Vermeidet \u00d6lnebel.<\/li>\n<li>Zylinder mit Doppelhub mit Schl\u00fcsselschalter<\/li>\n<li>Druckregler, Trennschalter Druckluftanschlu\u00df<\/li>\n<li>Regulierventile f\u00fcr Schlie\u00df- und \u00d6ffnungsgeschwindigkeit der Elektroden, Sto\u00dfd\u00e4mpfer f\u00fcr den Luftaustritt.<\/li>\n<li>Zweistufiger, elektrischer Fu\u00dfschalter: Aufsetzen &#8211; Schwei\u00dfen<\/li>\n<li>Vorrichtung f\u00fcr zweites zweistufiges Fu\u00dfpedal f\u00fcr Schwei\u00dfung mit direktem Abruf des Schwei\u00dfprogramms Nr. 2.<\/li>\n<li>Transformator, Platten, Elektrodenhalter und Elektroden wassergek\u00fchlt; Wicklung in Epoxydharz.<\/li>\n<li>Synchrone Schwei\u00dfzeitregulierung mittels wassergek\u00fchlten und isolierten Leistungsteilen mit Thermoschutzschalter.<\/li>\n<li>Zweihandausl\u00f6sung mit Timer f\u00fcr max. Betriebssicherheit und Schl\u00fcsselschalter f\u00fcr alle Typen. Zweihandausl\u00f6sung ist Standard nur auf Buckelschwei\u00dfmaschinen, Option auf Punktschwei\u00dfmaschinen.<\/li>\n<\/ul>\n<\/div>\n<div class=\"clearer\"><\/div>\n<\/div>\n<div class=\"contentelement\">\n<div id=\"c756\" class=\"csc-default\">\n<div class=\"csc-header csc-header-n2\">\n<h1>Technische Daten<\/h1>\n<\/div>\n<table class=\"contenttable contenttable-0 TechnischeDaten\">\n<tbody>\n<tr class=\"tr-even tr-0\">\n<td class=\"td-0\"><\/td>\n<td class=\"td-1\">Art. 2121 D<\/td>\n<td class=\"td-2\">Art. 2122 D<\/td>\n<td class=\"td-3\">Art. 2123 D<\/td>\n<td class=\"td-4\">Art. 2124 D<\/td>\n<td class=\"td-5\">Art. 2125 D<\/td>\n<td class=\"td-last td-6\">Art. 2126 D<\/td>\n<\/tr>\n<tr class=\"tr-odd tr-1\">\n<td class=\"td-0\">Puntschwei\u00dfmaschine<\/td>\n<td class=\"td-1\">x<\/td>\n<td class=\"td-2\">&#8211;<\/td>\n<td class=\"td-3\">x<\/td>\n<td class=\"td-4\">&#8211;<\/td>\n<td class=\"td-5\">x<\/td>\n<td class=\"td-last td-6\">&#8211;<\/td>\n<\/tr>\n<tr class=\"tr-even tr-2\">\n<td class=\"td-0\">Buckelschwei\u00dfmaschine<\/td>\n<td class=\"td-1\">&#8211;<\/td>\n<td class=\"td-2\">x<\/td>\n<td class=\"td-3\">&#8211;<\/td>\n<td class=\"td-4\">x<\/td>\n<td class=\"td-5\">&#8211;<\/td>\n<td class=\"td-last td-6\">x<\/td>\n<\/tr>\n<tr class=\"tr-odd tr-3\">\n<td class=\"td-0\">Nennleistung bei 50% kVA<\/td>\n<td class=\"td-1\">32<\/td>\n<td class=\"td-2\">32<\/td>\n<td class=\"td-3\">50<\/td>\n<td class=\"td-4\">50<\/td>\n<td class=\"td-5\">63<\/td>\n<td class=\"td-last td-6\">63<\/td>\n<\/tr>\n<tr class=\"tr-even tr-4\">\n<td class=\"td-0\">Maximale Schwei\u00dfleistung kVA<\/td>\n<td class=\"td-1\">83<\/td>\n<td class=\"td-2\">90<\/td>\n<td class=\"td-3\">110<\/td>\n<td class=\"td-4\">120<\/td>\n<td class=\"td-5\">200<\/td>\n<td class=\"td-last td-6\">218<\/td>\n<\/tr>\n<tr class=\"tr-odd tr-5\">\n<td class=\"td-0\">Kurzschlussstromleistung kA<\/td>\n<td class=\"td-1\">23<\/td>\n<td class=\"td-2\">25<\/td>\n<td class=\"td-3\">27<\/td>\n<td class=\"td-4\">29<\/td>\n<td class=\"td-5\">35<\/td>\n<td class=\"td-last td-6\">38<\/td>\n<\/tr>\n<tr class=\"tr-even tr-6\">\n<td class=\"td-0\">Max. Schwei\u00dfstrom auf Aluminium (kA)<\/td>\n<td class=\"td-1\">20,9<\/td>\n<td class=\"td-2\">22,7<\/td>\n<td class=\"td-3\">24,5<\/td>\n<td class=\"td-4\">26,3<\/td>\n<td class=\"td-5\">31,8<\/td>\n<td class=\"td-last td-6\">34,5<\/td>\n<\/tr>\n<tr class=\"tr-odd tr-7\">\n<td class=\"td-0\">Max. Schwei\u00dfstrom auf Stahl (kA)<\/td>\n<td class=\"td-1\">18,4<\/td>\n<td class=\"td-2\">20<\/td>\n<td class=\"td-3\">21,6<\/td>\n<td class=\"td-4\">23,2<\/td>\n<td class=\"td-5\">28<\/td>\n<td class=\"td-last td-6\">30,4<\/td>\n<\/tr>\n<tr class=\"tr-even tr-8\">\n<td class=\"td-0\">W\u00e4rmestrom 100% (in A)<\/td>\n<td class=\"td-1\">5100<\/td>\n<td class=\"td-2\">5100<\/td>\n<td class=\"td-3\">7000<\/td>\n<td class=\"td-4\">7000<\/td>\n<td class=\"td-5\">6200<\/td>\n<td class=\"td-last td-6\">6200<\/td>\n<\/tr>\n<tr class=\"tr-odd tr-9\">\n<td class=\"td-0\">Sekund\u00e4r &#8211; Leerlaufspannung (in V)<\/td>\n<td class=\"td-1\">4,4<\/td>\n<td class=\"td-2\">4,4<\/td>\n<td class=\"td-3\">5<\/td>\n<td class=\"td-4\">5<\/td>\n<td class=\"td-5\">7,1<\/td>\n<td class=\"td-last td-6\">7,1<\/td>\n<\/tr>\n<tr class=\"tr-even tr-10\">\n<td class=\"td-0\">Versorgungsspannung bei 50 Hz (in A)<\/td>\n<td class=\"td-1\">400<\/td>\n<td class=\"td-2\">400<\/td>\n<td class=\"td-3\">400<\/td>\n<td class=\"td-4\">400<\/td>\n<td class=\"td-5\">400<\/td>\n<td class=\"td-last td-6\">400<\/td>\n<\/tr>\n<tr class=\"tr-odd tr-11\">\n<td class=\"td-0\">Kabel Abschnitt L= 30 m (mm\u00b2)<\/td>\n<td class=\"td-1\">25<\/td>\n<td class=\"td-2\">25<\/td>\n<td class=\"td-3\">35<\/td>\n<td class=\"td-4\">35<\/td>\n<td class=\"td-5\">50<\/td>\n<td class=\"td-last td-6\">50<\/td>\n<\/tr>\n<tr class=\"tr-even tr-12\">\n<td class=\"td-0\">Netzsicherung, tr\u00e4ge (in A)<\/td>\n<td class=\"td-1\">63<\/td>\n<td class=\"td-2\">63<\/td>\n<td class=\"td-3\">100<\/td>\n<td class=\"td-4\">100<\/td>\n<td class=\"td-5\">125<\/td>\n<td class=\"td-last td-6\">125<\/td>\n<\/tr>\n<tr class=\"tr-odd tr-13\">\n<td class=\"td-0\">Minimaler Armabstand (mm)<\/td>\n<td class=\"td-1\">155<\/td>\n<td class=\"td-2\">125<\/td>\n<td class=\"td-3\">155<\/td>\n<td class=\"td-4\">125<\/td>\n<td class=\"td-5\">155<\/td>\n<td class=\"td-last td-6\">125<\/td>\n<\/tr>\n<tr class=\"tr-even tr-14\">\n<td class=\"td-0\">Maximaler Armabstand (mm)<\/td>\n<td class=\"td-1\">285<\/td>\n<td class=\"td-2\">225<\/td>\n<td class=\"td-3\">285<\/td>\n<td class=\"td-4\">225<\/td>\n<td class=\"td-5\">285<\/td>\n<td class=\"td-last td-6\">225<\/td>\n<\/tr>\n<tr class=\"tr-odd tr-15\">\n<td class=\"td-0\">Tiefe L (mm)<\/td>\n<td class=\"td-1\">200<\/td>\n<td class=\"td-2\">&#8211;<\/td>\n<td class=\"td-3\">200<\/td>\n<td class=\"td-4\">&#8211;<\/td>\n<td class=\"td-5\">200<\/td>\n<td class=\"td-last td-6\">&#8211;<\/td>\n<\/tr>\n<tr class=\"tr-even tr-16\">\n<td class=\"td-0\">Tiefe D (mm)<\/td>\n<td class=\"td-1\">&#8211;<\/td>\n<td class=\"td-2\">200<\/td>\n<td class=\"td-3\">&#8211;<\/td>\n<td class=\"td-4\">200<\/td>\n<td class=\"td-5\">&#8211;<\/td>\n<td class=\"td-last td-6\">200<\/td>\n<\/tr>\n<tr class=\"tr-odd tr-17\">\n<td class=\"td-0\">Maximaler Elektrodendruck daN (6 bar)<\/td>\n<td class=\"td-1\">300<\/td>\n<td class=\"td-2\">470<\/td>\n<td class=\"td-3\">470<\/td>\n<td class=\"td-4\">470<\/td>\n<td class=\"td-5\">470<\/td>\n<td class=\"td-last td-6\">470<\/td>\n<\/tr>\n<tr class=\"tr-even tr-18\">\n<td class=\"td-0\">Maximaler Arbeitshub (mm)<\/td>\n<td class=\"td-1\">80<\/td>\n<td class=\"td-2\">80<\/td>\n<td class=\"td-3\">80<\/td>\n<td class=\"td-4\">80<\/td>\n<td class=\"td-5\">80<\/td>\n<td class=\"td-last td-6\">80<\/td>\n<\/tr>\n<tr class=\"tr-odd tr-19\">\n<td class=\"td-0\">Standard Doppelhub (mm)<\/td>\n<td class=\"td-1\">60<\/td>\n<td class=\"td-2\">60<\/td>\n<td class=\"td-3\">60<\/td>\n<td class=\"td-4\">60<\/td>\n<td class=\"td-5\">60<\/td>\n<td class=\"td-last td-6\">60<\/td>\n<\/tr>\n<tr class=\"tr-even tr-20\">\n<td class=\"td-0\">Druckluftversorgung (bar)<\/td>\n<td class=\"td-1\">6,5<\/td>\n<td class=\"td-2\">6,5<\/td>\n<td class=\"td-3\">6,5<\/td>\n<td class=\"td-4\">6,5<\/td>\n<td class=\"td-5\">6,5<\/td>\n<td class=\"td-last td-6\">6,5<\/td>\n<\/tr>\n<tr class=\"tr-odd tr-21\">\n<td class=\"td-0\">Luftverbrauch 1000 Punkte (6 bar) Hub 20 mm (Nm\u00b3)<\/td>\n<td class=\"td-1\">1,7<\/td>\n<td class=\"td-2\">2,6<\/td>\n<td class=\"td-3\">2,6<\/td>\n<td class=\"td-4\">2,6<\/td>\n<td class=\"td-5\">2,6<\/td>\n<td class=\"td-last td-6\">2,6<\/td>\n<\/tr>\n<tr class=\"tr-even tr-22\">\n<td class=\"td-0\">Luftverbrauch 1000 Punkte (6 bar) Maximaler Hub (Nm\u00b3)<\/td>\n<td class=\"td-1\">5,4<\/td>\n<td class=\"td-2\">8,7<\/td>\n<td class=\"td-3\">8,7<\/td>\n<td class=\"td-4\">8,7<\/td>\n<td class=\"td-5\">8,7<\/td>\n<td class=\"td-last td-6\">8,7<\/td>\n<\/tr>\n<tr class=\"tr-odd tr-23\">\n<td class=\"td-0\">Druckluftversorgungsschlauch (mm)<\/td>\n<td class=\"td-1\">10<\/td>\n<td class=\"td-2\">10<\/td>\n<td class=\"td-3\">10<\/td>\n<td class=\"td-4\">10<\/td>\n<td class=\"td-5\">10<\/td>\n<td class=\"td-last td-6\">10<\/td>\n<\/tr>\n<tr class=\"tr-even tr-24\">\n<td class=\"td-0\">Wasserk\u00fchlung (in l\/min)<\/td>\n<td class=\"td-1\">6<\/td>\n<td class=\"td-2\">6<\/td>\n<td class=\"td-3\">6<\/td>\n<td class=\"td-4\">6<\/td>\n<td class=\"td-5\">6<\/td>\n<td class=\"td-last td-6\">6<\/td>\n<\/tr>\n<tr class=\"tr-odd tr-25\">\n<td class=\"td-0\">L\u00e4rmpegel (dB(A)<\/td>\n<td class=\"td-1\">&lt;70<\/td>\n<td class=\"td-2\">&lt;70<\/td>\n<td class=\"td-3\">&lt;70<\/td>\n<td class=\"td-4\">&lt;70<\/td>\n<td class=\"td-5\">71<\/td>\n<td class=\"td-last td-6\">&lt;70<\/td>\n<\/tr>\n<tr class=\"tr-even tr-26\">\n<td class=\"td-0\">Arbeitshub (in mm)<\/td>\n<td class=\"td-1\">20<\/td>\n<td class=\"td-2\">50<\/td>\n<td class=\"td-3\">20<\/td>\n<td class=\"td-4\">50<\/td>\n<td class=\"td-5\">20<\/td>\n<td class=\"td-last td-6\">50<\/td>\n<\/tr>\n<tr class=\"tr-odd tr-27\">\n<td class=\"td-0\">Schwei\u00dfzyklus<\/td>\n<td class=\"td-1\">10<\/td>\n<td class=\"td-2\">21<\/td>\n<td class=\"td-3\">14<\/td>\n<td class=\"td-4\">29<\/td>\n<td class=\"td-5\">7<\/td>\n<td class=\"td-last td-6\">14<\/td>\n<\/tr>\n<tr class=\"tr-even tr-28\">\n<td class=\"td-0\">Schwei\u00dfstrom (kA)<\/td>\n<td class=\"td-1\">17,2<\/td>\n<td class=\"td-2\">19<\/td>\n<td class=\"td-3\">20<\/td>\n<td class=\"td-4\">22<\/td>\n<td class=\"td-5\">26,2<\/td>\n<td class=\"td-last td-6\">29<\/td>\n<\/tr>\n<tr class=\"tr-odd tr-29\">\n<td class=\"td-0\">Arbeitsleistung in Schwei\u00dfvorg\u00e4ngen\/min<\/td>\n<td class=\"td-1\">15<\/td>\n<td class=\"td-2\">6<\/td>\n<td class=\"td-3\">15<\/td>\n<td class=\"td-4\">6<\/td>\n<td class=\"td-5\">15<\/td>\n<td class=\"td-last td-6\">6<\/td>\n<\/tr>\n<tr class=\"tr-even tr-last\">\n<td class=\"td-0\">Nettogewicht (ca.) (in kg)<\/td>\n<td class=\"td-1\">165<\/td>\n<td class=\"td-2\">167<\/td>\n<td class=\"td-3\">170<\/td>\n<td class=\"td-4\">172<\/td>\n<td class=\"td-5\">185<\/td>\n<td class=\"td-last td-6\">187<\/td>\n<\/tr>\n<\/tbody>\n<\/table>\n<\/div>\n<\/div>\n<p>&nbsp;<\/p>\n<p><strong>Produktinformation<\/strong> hier <a href=\"https:\/\/kopie.cebotech.de\/wp-content\/uploads\/2021\/10\/Depliant_DCI0400001_Items-2101D-2144D-2102N_IT-EN-FR-DE-ES_02-2018.pdf\">downloaden<\/a>.<\/p>\n<p>&nbsp;<\/p>\n","protected":false},"excerpt":{"rendered":"<p>Microprozessor Schwei\u00df-Steuerung\u00a0TE550\u00a0mit direkter Ablese des Schwei\u00dfstroms. Pneumatikzylinder mit Chromstahlwandung f\u00fcr Langzeitproduktionsschwei\u00dfungen, mit einstellbarer Verdrehsicherung. Schmierungsfreie Pneumatik-Bestandteile. Vermeidet \u00d6lnebel. Zylinder mit Doppelhub mit Schl\u00fcsselschalter Druckregler, Trennschalter Druckluftanschlu\u00df Regulierventile f\u00fcr Schlie\u00df- und \u00d6ffnungsgeschwindigkeit der Elektroden, Sto\u00dfd\u00e4mpfer f\u00fcr den Luftaustritt. Zweistufiger, elektrischer Fu\u00dfschalter: Aufsetzen &#8211; Schwei\u00dfen Vorrichtung f\u00fcr zweites zweistufiges Fu\u00dfpedal f\u00fcr Schwei\u00dfung mit direktem Abruf des Schwei\u00dfprogramms [&hellip;]<\/p>\n","protected":false},"featured_media":7370,"template":"","meta":{"ocean_post_layout":"","ocean_both_sidebars_style":"","ocean_both_sidebars_content_width":0,"ocean_both_sidebars_sidebars_width":0,"ocean_sidebar":"0","ocean_second_sidebar":"0","ocean_disable_margins":"enable","ocean_add_body_class":"","ocean_shortcode_before_top_bar":"","ocean_shortcode_after_top_bar":"","ocean_shortcode_before_header":"","ocean_shortcode_after_header":"","ocean_has_shortcode":"","ocean_shortcode_after_title":"","ocean_shortcode_before_footer_widgets":"","ocean_shortcode_after_footer_widgets":"","ocean_shortcode_before_footer_bottom":"","ocean_shortcode_after_footer_bottom":"","ocean_display_top_bar":"off","ocean_display_header":"default","ocean_header_style":"","ocean_center_header_left_menu":"0","ocean_custom_header_template":"0","ocean_custom_logo":0,"ocean_custom_retina_logo":0,"ocean_custom_logo_max_width":0,"ocean_custom_logo_tablet_max_width":0,"ocean_custom_logo_mobile_max_width":0,"ocean_custom_logo_max_height":0,"ocean_custom_logo_tablet_max_height":0,"ocean_custom_logo_mobile_max_height":0,"ocean_header_custom_menu":"0","ocean_menu_typo_font_family":"0","ocean_menu_typo_font_subset":"","ocean_menu_typo_font_size":0,"ocean_menu_typo_font_size_tablet":0,"ocean_menu_typo_font_size_mobile":0,"ocean_menu_typo_font_size_unit":"px","ocean_menu_typo_font_weight":"","ocean_menu_typo_font_weight_tablet":"","ocean_menu_typo_font_weight_mobile":"","ocean_menu_typo_transform":"","ocean_menu_typo_transform_tablet":"","ocean_menu_typo_transform_mobile":"","ocean_menu_typo_line_height":0,"ocean_menu_typo_line_height_tablet":0,"ocean_menu_typo_line_height_mobile":0,"ocean_menu_typo_line_height_unit":"","ocean_menu_typo_spacing":0,"ocean_menu_typo_spacing_tablet":0,"ocean_menu_typo_spacing_mobile":0,"ocean_menu_typo_spacing_unit":"","ocean_menu_link_color":"","ocean_menu_link_color_hover":"","ocean_menu_link_color_active":"","ocean_menu_link_background":"","ocean_menu_link_hover_background":"","ocean_menu_link_active_background":"","ocean_menu_social_links_bg":"","ocean_menu_social_hover_links_bg":"","ocean_menu_social_links_color":"","ocean_menu_social_hover_links_color":"","ocean_disable_title":"on","ocean_disable_heading":"default","ocean_post_title":"","ocean_post_subheading":"","ocean_post_title_style":"","ocean_post_title_background_color":"","ocean_post_title_background":0,"ocean_post_title_bg_image_position":"","ocean_post_title_bg_image_attachment":"","ocean_post_title_bg_image_repeat":"","ocean_post_title_bg_image_size":"","ocean_post_title_height":0,"ocean_post_title_bg_overlay":0.5,"ocean_post_title_bg_overlay_color":"","ocean_disable_breadcrumbs":"default","ocean_breadcrumbs_color":"","ocean_breadcrumbs_separator_color":"","ocean_breadcrumbs_links_color":"","ocean_breadcrumbs_links_hover_color":"","ocean_display_footer_widgets":"off","ocean_display_footer_bottom":"default","ocean_custom_footer_template":"0"},"product_brand":[],"product_cat":[188,82,240],"product_tag":[],"class_list":{"0":"post-1608","1":"product","2":"type-product","3":"status-publish","4":"has-post-thumbnail","6":"product_cat-produkte-tischmaschinen","7":"product_cat-tischmaschinen","8":"product_cat-tischmaschinen-handwerk","10":"entry","11":"has-media","13":"first","14":"instock","15":"virtual","16":"purchasable","17":"product-type-simple","18":"has-product-nav","19":"col","20":"span_1_of_3","21":"owp-content-center","22":"owp-thumbs-layout-horizontal","23":"owp-btn-normal","24":"owp-tabs-layout-horizontal","25":"has-no-thumbnails"},"jetpack_sharing_enabled":true,"_links":{"self":[{"href":"https:\/\/kopie.cebotech.de\/index.php?rest_route=\/wp\/v2\/product\/1608","targetHints":{"allow":["GET"]}}],"collection":[{"href":"https:\/\/kopie.cebotech.de\/index.php?rest_route=\/wp\/v2\/product"}],"about":[{"href":"https:\/\/kopie.cebotech.de\/index.php?rest_route=\/wp\/v2\/types\/product"}],"wp:featuredmedia":[{"embeddable":true,"href":"https:\/\/kopie.cebotech.de\/index.php?rest_route=\/wp\/v2\/media\/7370"}],"wp:attachment":[{"href":"https:\/\/kopie.cebotech.de\/index.php?rest_route=%2Fwp%2Fv2%2Fmedia&parent=1608"}],"wp:term":[{"taxonomy":"product_brand","embeddable":true,"href":"https:\/\/kopie.cebotech.de\/index.php?rest_route=%2Fwp%2Fv2%2Fproduct_brand&post=1608"},{"taxonomy":"product_cat","embeddable":true,"href":"https:\/\/kopie.cebotech.de\/index.php?rest_route=%2Fwp%2Fv2%2Fproduct_cat&post=1608"},{"taxonomy":"product_tag","embeddable":true,"href":"https:\/\/kopie.cebotech.de\/index.php?rest_route=%2Fwp%2Fv2%2Fproduct_tag&post=1608"}],"curies":[{"name":"wp","href":"https:\/\/api.w.org\/{rel}","templated":true}]}}