{"id":1680,"date":"2021-10-26T13:20:19","date_gmt":"2021-10-26T13:20:19","guid":{"rendered":"https:\/\/kopie.cebotech.de\/?post_type=product&#038;p=1680"},"modified":"2022-10-26T16:40:41","modified_gmt":"2022-10-26T16:40:41","slug":"plasma-prof-123-acc","status":"publish","type":"product","link":"https:\/\/kopie.cebotech.de\/?product=plasma-prof-123-acc","title":{"rendered":"PLASMA PROF 123 ACC"},"content":{"rendered":"<p>Die Stromquelle PLASMA PROF 123 (Art. 956) ist eine Gleichstromkonstantstromquelle zum Plasmaschneiden aller Metallwerkstoffe. Die Anlage verf\u00fcgt \u00fcber eine elektronische Schneidstromregelung (Chopper). Diese elektronische Regelung des Schneidstroms garantiert die maximale Konstanz der Leistungsmerkmale und der Schnittqualit\u00e4t unter allen Schneidbedingungen (ARC CONTROL) und zwar auch beim Austritt aus dem Werkst\u00fcck, wo es zu starken Schwankungen der Potentialdifferenz zwischen Elektrode und Werkst\u00fcck kommen kann. Die Stromquelle PLASMA PROF 123 verf\u00fcgt \u00fcber die Funktion f\u00fcr die Hochspannungs-\/Hochfrequenz-Z\u00fcndung des Pilotlichtbogens, die nach Stabilisierung des Pilotlichtbogens automatisch deaktiviert wird:<br \/>\nHierdurch wird die Einschaltzeit der Hochspannungs- und Hochfrequenzeinrichtung und folglich die St\u00f6rabstrahlung bei der Z\u00fcndung auf ein Minimum reduziert.<\/p>\n<p>Die beste Schnittqualit\u00e4t erh\u00e4lt man bei einer Materialst\u00e4rke von bis zu 35 mm, doch kann man &#8211; mit geringf\u00fcgigen Qualit\u00e4tseinbu\u00dfen &#8211; St\u00e4rken bis zu 40 mm schneiden. Trennschnitte sind bis zu 45 mm Materialst\u00e4rke m\u00f6glich.<\/p>\n","protected":false},"excerpt":{"rendered":"<p>Die Stromquelle PLASMA PROF 123 (Art. 956) ist eine Gleichstromkonstantstromquelle zum Plasmaschneiden aller Metallwerkstoffe. Die Anlage verf\u00fcgt \u00fcber eine elektronische Schneidstromregelung (Chopper). Diese elektronische Regelung des Schneidstroms garantiert die maximale Konstanz der Leistungsmerkmale und der Schnittqualit\u00e4t unter allen Schneidbedingungen (ARC CONTROL) und zwar auch beim Austritt aus dem Werkst\u00fcck, wo es zu starken Schwankungen der [&hellip;]<\/p>\n","protected":false},"featured_media":1681,"template":"","meta":{"ocean_post_layout":"","ocean_both_sidebars_style":"","ocean_both_sidebars_content_width":0,"ocean_both_sidebars_sidebars_width":0,"ocean_sidebar":"0","ocean_second_sidebar":"0","ocean_disable_margins":"enable","ocean_add_body_class":"","ocean_shortcode_before_top_bar":"","ocean_shortcode_after_top_bar":"","ocean_shortcode_before_header":"","ocean_shortcode_after_header":"","ocean_has_shortcode":"","ocean_shortcode_after_title":"","ocean_shortcode_before_footer_widgets":"","ocean_shortcode_after_footer_widgets":"","ocean_shortcode_before_footer_bottom":"","ocean_shortcode_after_footer_bottom":"","ocean_display_top_bar":"off","ocean_display_header":"default","ocean_header_style":"","ocean_center_header_left_menu":"0","ocean_custom_header_template":"0","ocean_custom_logo":0,"ocean_custom_retina_logo":0,"ocean_custom_logo_max_width":0,"ocean_custom_logo_tablet_max_width":0,"ocean_custom_logo_mobile_max_width":0,"ocean_custom_logo_max_height":0,"ocean_custom_logo_tablet_max_height":0,"ocean_custom_logo_mobile_max_height":0,"ocean_header_custom_menu":"0","ocean_menu_typo_font_family":"0","ocean_menu_typo_font_subset":"","ocean_menu_typo_font_size":0,"ocean_menu_typo_font_size_tablet":0,"ocean_menu_typo_font_size_mobile":0,"ocean_menu_typo_font_size_unit":"px","ocean_menu_typo_font_weight":"","ocean_menu_typo_font_weight_tablet":"","ocean_menu_typo_font_weight_mobile":"","ocean_menu_typo_transform":"","ocean_menu_typo_transform_tablet":"","ocean_menu_typo_transform_mobile":"","ocean_menu_typo_line_height":0,"ocean_menu_typo_line_height_tablet":0,"ocean_menu_typo_line_height_mobile":0,"ocean_menu_typo_line_height_unit":"","ocean_menu_typo_spacing":0,"ocean_menu_typo_spacing_tablet":0,"ocean_menu_typo_spacing_mobile":0,"ocean_menu_typo_spacing_unit":"","ocean_menu_link_color":"","ocean_menu_link_color_hover":"","ocean_menu_link_color_active":"","ocean_menu_link_background":"","ocean_menu_link_hover_background":"","ocean_menu_link_active_background":"","ocean_menu_social_links_bg":"","ocean_menu_social_hover_links_bg":"","ocean_menu_social_links_color":"","ocean_menu_social_hover_links_color":"","ocean_disable_title":"on","ocean_disable_heading":"default","ocean_post_title":"","ocean_post_subheading":"","ocean_post_title_style":"","ocean_post_title_background_color":"","ocean_post_title_background":0,"ocean_post_title_bg_image_position":"","ocean_post_title_bg_image_attachment":"","ocean_post_title_bg_image_repeat":"","ocean_post_title_bg_image_size":"","ocean_post_title_height":0,"ocean_post_title_bg_overlay":0.5,"ocean_post_title_bg_overlay_color":"","ocean_disable_breadcrumbs":"default","ocean_breadcrumbs_color":"","ocean_breadcrumbs_separator_color":"","ocean_breadcrumbs_links_color":"","ocean_breadcrumbs_links_hover_color":"","ocean_display_footer_widgets":"off","ocean_display_footer_bottom":"default","ocean_custom_footer_template":"0"},"product_brand":[],"product_cat":[226,161],"product_tag":[],"class_list":{"0":"post-1680","1":"product","2":"type-product","3":"status-publish","4":"has-post-thumbnail","6":"product_cat-produkte-plasmaschneider-handwerk","7":"product_cat-produkte-plasma","9":"entry","10":"has-media","12":"first","13":"instock","14":"virtual","15":"purchasable","16":"product-type-simple","17":"has-product-nav","18":"col","19":"span_1_of_3","20":"owp-content-center","21":"owp-thumbs-layout-horizontal","22":"owp-btn-normal","23":"owp-tabs-layout-horizontal","24":"has-no-thumbnails"},"jetpack_sharing_enabled":true,"_links":{"self":[{"href":"https:\/\/kopie.cebotech.de\/index.php?rest_route=\/wp\/v2\/product\/1680","targetHints":{"allow":["GET"]}}],"collection":[{"href":"https:\/\/kopie.cebotech.de\/index.php?rest_route=\/wp\/v2\/product"}],"about":[{"href":"https:\/\/kopie.cebotech.de\/index.php?rest_route=\/wp\/v2\/types\/product"}],"wp:featuredmedia":[{"embeddable":true,"href":"https:\/\/kopie.cebotech.de\/index.php?rest_route=\/wp\/v2\/media\/1681"}],"wp:attachment":[{"href":"https:\/\/kopie.cebotech.de\/index.php?rest_route=%2Fwp%2Fv2%2Fmedia&parent=1680"}],"wp:term":[{"taxonomy":"product_brand","embeddable":true,"href":"https:\/\/kopie.cebotech.de\/index.php?rest_route=%2Fwp%2Fv2%2Fproduct_brand&post=1680"},{"taxonomy":"product_cat","embeddable":true,"href":"https:\/\/kopie.cebotech.de\/index.php?rest_route=%2Fwp%2Fv2%2Fproduct_cat&post=1680"},{"taxonomy":"product_tag","embeddable":true,"href":"https:\/\/kopie.cebotech.de\/index.php?rest_route=%2Fwp%2Fv2%2Fproduct_tag&post=1680"}],"curies":[{"name":"wp","href":"https:\/\/api.w.org\/{rel}","templated":true}]}}