{"id":2094,"date":"2021-10-27T09:14:27","date_gmt":"2021-10-27T09:14:27","guid":{"rendered":"https:\/\/kopie.cebotech.de\/?post_type=product&#038;p=2094"},"modified":"2022-10-26T16:40:03","modified_gmt":"2022-10-26T16:40:03","slug":"power-rod-1840","status":"publish","type":"product","link":"https:\/\/kopie.cebotech.de\/?product=power-rod-1840","title":{"rendered":"Power ROD 1840"},"content":{"rendered":"<p>Die neue MMA Inverterstromquelle\u00a0 <strong>Power\u00a0 ROD 1840<\/strong> (Art. 261) ist f\u00fcr das MMA Schwei\u00dfen aller rutilbasisumh\u00fcllten Elektroden (AWS 7018) aus Edelstahl und Aluminium geeignet. Sie kann zudem f\u00fcr das WIG DC Schwei\u00dfen mit der Cebora Lift-Z\u00fcndung verwendet werden.<\/p>\n<p>Die hohe Einschaltdauer (180 A bei 40%, 150 A bei 60% und 120 A bei 100%) erm\u00f6glicht sogar die Nutzung unter extremsten Bedingungen. Die Stromquelle besitzt au\u00dferdem einen thermostatischen Schutz.<\/p>\n<p>F\u00fcr das MMA Schwei\u00dfen kann eine Fernbedienung (Art. 187) an den Kabelanschluss des Brenners angeschlossen werden.<\/p>\n<p>Das\u00a0 PFC System garantiert eine erhebliche Energieeinsparung und erm\u00f6glicht die Verwendung der Stromquelle mit einer Netzsicherung von 16\u00a0 A (tr\u00e4ge).\u00a0 Es toleriert zudem gro\u00dfe Netzschwankungen (+15% \/ -20%).<\/p>\n<p>Die IP23 S Schutzklasse macht es m\u00f6glich die Stromquelle auch im Freien zu benutzen.<\/p>\n<p>Die Stromquelle kann zudem mit einem Stromerzeuger mit ausreichender Leistung betrieben werden (min. 8KVa).<\/p>\n<p>Konform mit der Norm EN 61000-3-12.<\/p>\n<p>&nbsp;<\/p>\n<p><strong>Produktinformation<\/strong> hier <a href=\"https:\/\/kopie.cebotech.de\/wp-content\/uploads\/2021\/10\/POWER_ROD_1840-Art261-C313_DEUTSCH_mail.pdf\">downloaden<\/a>.<\/p>\n","protected":false},"excerpt":{"rendered":"<p>Die neue MMA Inverterstromquelle\u00a0 Power\u00a0 ROD 1840 (Art. 261) ist f\u00fcr das MMA Schwei\u00dfen aller rutilbasisumh\u00fcllten Elektroden (AWS 7018) aus Edelstahl und Aluminium geeignet. Sie kann zudem f\u00fcr das WIG DC Schwei\u00dfen mit der Cebora Lift-Z\u00fcndung verwendet werden. Die hohe Einschaltdauer (180 A bei 40%, 150 A bei 60% und 120 A bei 100%) erm\u00f6glicht [&hellip;]<\/p>\n","protected":false},"featured_media":2096,"template":"","meta":{"ocean_post_layout":"","ocean_both_sidebars_style":"","ocean_both_sidebars_content_width":0,"ocean_both_sidebars_sidebars_width":0,"ocean_sidebar":"0","ocean_second_sidebar":"0","ocean_disable_margins":"enable","ocean_add_body_class":"","ocean_shortcode_before_top_bar":"","ocean_shortcode_after_top_bar":"","ocean_shortcode_before_header":"","ocean_shortcode_after_header":"","ocean_has_shortcode":"","ocean_shortcode_after_title":"","ocean_shortcode_before_footer_widgets":"","ocean_shortcode_after_footer_widgets":"","ocean_shortcode_before_footer_bottom":"","ocean_shortcode_after_footer_bottom":"","ocean_display_top_bar":"off","ocean_display_header":"default","ocean_header_style":"","ocean_center_header_left_menu":"0","ocean_custom_header_template":"0","ocean_custom_logo":0,"ocean_custom_retina_logo":0,"ocean_custom_logo_max_width":0,"ocean_custom_logo_tablet_max_width":0,"ocean_custom_logo_mobile_max_width":0,"ocean_custom_logo_max_height":0,"ocean_custom_logo_tablet_max_height":0,"ocean_custom_logo_mobile_max_height":0,"ocean_header_custom_menu":"0","ocean_menu_typo_font_family":"0","ocean_menu_typo_font_subset":"","ocean_menu_typo_font_size":0,"ocean_menu_typo_font_size_tablet":0,"ocean_menu_typo_font_size_mobile":0,"ocean_menu_typo_font_size_unit":"px","ocean_menu_typo_font_weight":"","ocean_menu_typo_font_weight_tablet":"","ocean_menu_typo_font_weight_mobile":"","ocean_menu_typo_transform":"","ocean_menu_typo_transform_tablet":"","ocean_menu_typo_transform_mobile":"","ocean_menu_typo_line_height":0,"ocean_menu_typo_line_height_tablet":0,"ocean_menu_typo_line_height_mobile":0,"ocean_menu_typo_line_height_unit":"","ocean_menu_typo_spacing":0,"ocean_menu_typo_spacing_tablet":0,"ocean_menu_typo_spacing_mobile":0,"ocean_menu_typo_spacing_unit":"","ocean_menu_link_color":"","ocean_menu_link_color_hover":"","ocean_menu_link_color_active":"","ocean_menu_link_background":"","ocean_menu_link_hover_background":"","ocean_menu_link_active_background":"","ocean_menu_social_links_bg":"","ocean_menu_social_hover_links_bg":"","ocean_menu_social_links_color":"","ocean_menu_social_hover_links_color":"","ocean_disable_title":"on","ocean_disable_heading":"default","ocean_post_title":"","ocean_post_subheading":"","ocean_post_title_style":"","ocean_post_title_background_color":"","ocean_post_title_background":0,"ocean_post_title_bg_image_position":"","ocean_post_title_bg_image_attachment":"","ocean_post_title_bg_image_repeat":"","ocean_post_title_bg_image_size":"","ocean_post_title_height":0,"ocean_post_title_bg_overlay":0.5,"ocean_post_title_bg_overlay_color":"","ocean_disable_breadcrumbs":"default","ocean_breadcrumbs_color":"","ocean_breadcrumbs_separator_color":"","ocean_breadcrumbs_links_color":"","ocean_breadcrumbs_links_hover_color":"","ocean_display_footer_widgets":"off","ocean_display_footer_bottom":"default","ocean_custom_footer_template":"0"},"product_brand":[],"product_cat":[221,158],"product_tag":[],"class_list":{"0":"post-2094","1":"product","2":"type-product","3":"status-publish","4":"has-post-thumbnail","6":"product_cat-produkte-mma-handwerk","7":"product_cat-produkte-mma-industrie","9":"entry","10":"has-media","12":"first","13":"instock","14":"virtual","15":"purchasable","16":"product-type-simple","17":"has-product-nav","18":"col","19":"span_1_of_3","20":"owp-content-center","21":"owp-thumbs-layout-horizontal","22":"owp-btn-normal","23":"owp-tabs-layout-horizontal","24":"has-no-thumbnails"},"jetpack_sharing_enabled":true,"_links":{"self":[{"href":"https:\/\/kopie.cebotech.de\/index.php?rest_route=\/wp\/v2\/product\/2094","targetHints":{"allow":["GET"]}}],"collection":[{"href":"https:\/\/kopie.cebotech.de\/index.php?rest_route=\/wp\/v2\/product"}],"about":[{"href":"https:\/\/kopie.cebotech.de\/index.php?rest_route=\/wp\/v2\/types\/product"}],"wp:featuredmedia":[{"embeddable":true,"href":"https:\/\/kopie.cebotech.de\/index.php?rest_route=\/wp\/v2\/media\/2096"}],"wp:attachment":[{"href":"https:\/\/kopie.cebotech.de\/index.php?rest_route=%2Fwp%2Fv2%2Fmedia&parent=2094"}],"wp:term":[{"taxonomy":"product_brand","embeddable":true,"href":"https:\/\/kopie.cebotech.de\/index.php?rest_route=%2Fwp%2Fv2%2Fproduct_brand&post=2094"},{"taxonomy":"product_cat","embeddable":true,"href":"https:\/\/kopie.cebotech.de\/index.php?rest_route=%2Fwp%2Fv2%2Fproduct_cat&post=2094"},{"taxonomy":"product_tag","embeddable":true,"href":"https:\/\/kopie.cebotech.de\/index.php?rest_route=%2Fwp%2Fv2%2Fproduct_tag&post=2094"}],"curies":[{"name":"wp","href":"https:\/\/api.w.org\/{rel}","templated":true}]}}