{"id":2182,"date":"2021-11-27T11:10:32","date_gmt":"2021-11-27T11:10:32","guid":{"rendered":"https:\/\/kopie.cebotech.de\/?post_type=product&#038;p=2182"},"modified":"2022-10-26T16:39:34","modified_gmt":"2022-10-26T16:39:34","slug":"elettro-plasma-57-compressor","status":"publish","type":"product","link":"https:\/\/kopie.cebotech.de\/?product=elettro-plasma-57-compressor","title":{"rendered":"ELETTRO Plasma 57 Compressor"},"content":{"rendered":"<p><span id=\"ProdottiDettaglio1_lbl_descrprodotto\"><span>Die dreiphasige Stromquelle mit Invertertechnologie zum Metallplasmaschneiden PLASMA 57 COMPRESSOR INVERTER beinhaltet einen eingebauten Luftkompressor und zeichnet sich durch Benutzerfreundlichkeit, kompakte Bauweise und hohe Schneidleistung bei kleinen und mittleren Dicken aus. Es eignet sich besonders f\u00fcr Vor-Ort-Eins\u00e4tze und externe Wartungsarbeiten.<\/span><br \/>\n<span>Die empfohlene Schnittst\u00e4rke bei Stahl liegt je nach Geschwindigkeit zwischen 13 mm und 20 mm.\u00a0Die Trenndicke betr\u00e4gt 25 mm.<\/span><br \/>\n<span>Das Fehlen eines Hochfrequenzstarts erm\u00f6glicht das Arbeiten neben Computern, medizinischen Ger\u00e4ten, Instrumenten und anderen elektronischen Ger\u00e4ten, die empfindlich auf Hochfrequenzemissionen reagieren.<\/span><br \/>\n<span>Es kann an motorbetriebene Generatoren mit ausreichender Leistung angeschlossen werden.<\/span><\/p>\n<p><span>HAUPTEIGENSCHAFTEN<\/span><br \/>\n<span>\u2022 Pilotlichtbogen zum Schneiden von lackierten oder beschichteten Metallen.<\/span><br \/>\n<span>\u2022 Nachgasfunktion.<\/span><br \/>\n<span>\u2022 Sicherheitssysteme am Brenner.<\/span><br \/>\n<span>\u2022 Der eingebaute Luftkompressor (wartungsfreier, selbstschmierender Doppelkolben) gew\u00e4hrleistet dem Bediener v\u00f6llige Arbeitsunabh\u00e4ngigkeit und Benutzerfreundlichkeit, da keine Lufteinstellung erforderlich ist.<\/span><br \/>\n<span>\u2022 Ultra Cut Capacity-Technologie zur Verbesserung der Schneidleistung bei gro\u00dfen Dicken.<\/span><br \/>\n<span>\u2022 Innovative Thin Cut-Technologie, die es erm\u00f6glicht, Schnitte von h\u00f6chster Qualit\u00e4t und reduzierter Schnittfuge (Menge an entferntem Material) zu erzielen.<\/span><br \/>\n<span>\u2022 Hyper Speed \u200b\u200bCut-Technologie zur Verbesserung der Schnittgeschwindigkeit.<\/span><br \/>\n<span>\u2022 Multi-Piercing-Technologie: M\u00f6glichkeit zum Durchstechen gro\u00dfer Dicken in k\u00fcrzerer Zeit und mit geringerem Verschlei\u00df der Verbrauchsmaterialien.<\/span><br \/>\n<span>\u2022 Extra Life-Technologie und Low Pilot Arc-Technologie, die die Leistung und die Lebensdauer der Verbrauchsmaterialien erh\u00f6ht.<\/span><br \/>\n<span>\u2022 Mikroprozessorgesteuerte Schnittparameter und -funktionen.<\/span><br \/>\n<span>\u2022 Sicherheitssysteme am Brenner.<\/span><br \/>\n<span>\u2022 Zur Standardausr\u00fcstung geh\u00f6ren eine 4 Meter lange Handlampe und ein Erdungskabel.<\/span><\/span><\/p>\n<h4><span id=\"ProdottiDettaglio1_lbl_datitecnici\"><span>TECHNISCHE DATEN:<\/span><\/span><\/h4>\n<table id=\"ProdottiDettaglio1_DataGrid1\" class=\"tb-scheda-prodotto tb-dati\" border=\"1\" rules=\"all\" cellspacing=\"0\">\n<tbody>\n<tr>\n<td class=\"zero\" align=\"left\"><span>Code<\/span><\/td>\n<td class=\"uno\"><span>P00472<\/span><\/td>\n<td class=\"due\" colspan=\"3\"><\/td>\n<\/tr>\n<tr>\n<td class=\"zero\" align=\"left\"><span>Artikel<\/span><\/td>\n<td class=\"uno\"><span>PLASMA 57 KOMPRESSOR WECHSELRICHTER<\/span><\/td>\n<td class=\"due\" colspan=\"3\"><\/td>\n<\/tr>\n<tr>\n<td class=\"zero\" align=\"left\"><span>Eingangsspannung<\/span><\/td>\n<td class=\"uno\"><span>3x400V 50-60HZ<\/span><\/td>\n<td class=\"due\" colspan=\"3\"><\/td>\n<\/tr>\n<tr>\n<td class=\"zero\" align=\"left\"><span>Absorbierte Leistung<\/span><\/td>\n<td class=\"uno\"><span>35 % 7,5 kVA &#8211; 60 % 5,6 kVA &#8211; 100 % 4,3 kVA<\/span><\/td>\n<td class=\"due\" colspan=\"3\"><\/td>\n<\/tr>\n<tr>\n<td class=\"zero\" align=\"left\"><span>Strom schneiden<\/span><\/td>\n<td class=\"uno\"><span>10 \u00f7 50 A<\/span><\/td>\n<td class=\"due\" colspan=\"3\"><\/td>\n<\/tr>\n<tr>\n<td class=\"zero\" align=\"left\"><span>Einschaltdauer \u2013 10-MIN-ZYKLUS NACH EN 60974-1<\/span><\/td>\n<td class=\"uno\"><span>35 % 50 A &#8211; 60 % 35 A &#8211; 100 % 25 A<\/span><\/td>\n<td class=\"due\" colspan=\"3\"><\/td>\n<\/tr>\n<tr>\n<td class=\"zero\" align=\"left\"><span>Schnittst\u00e4rke auf Stahl<\/span><\/td>\n<td class=\"uno\"><span>13 &#8211; 20mm<\/span><\/td>\n<td class=\"due\" colspan=\"3\"><\/td>\n<\/tr>\n<tr>\n<td class=\"zero\" align=\"left\"><span>Maximaler Trennschnitt<\/span><\/td>\n<td class=\"uno\"><span>25mm<\/span><\/td>\n<td class=\"due\" colspan=\"3\"><\/td>\n<\/tr>\n<tr>\n<td class=\"zero\" align=\"left\"><span>Schutzklasse<\/span><\/td>\n<td class=\"uno\"><span>IP23<\/span><\/td>\n<td class=\"due\" colspan=\"3\"><\/td>\n<\/tr>\n<tr>\n<td class=\"zero\" align=\"left\"><span>Baunormen<\/span><\/td>\n<td class=\"uno\"><span>EN60974 \u2013 1 \/ EN60974 \u2013 7 \/ EN60974 \u2013 10<\/span><\/td>\n<td class=\"due\" colspan=\"3\"><\/td>\n<\/tr>\n<tr>\n<td class=\"zero\" align=\"left\"><span>Ma\u00dfe<\/span><\/td>\n<td class=\"uno\"><span>270 x 440 x 570 h mm<\/span><\/td>\n<td class=\"due\" colspan=\"3\"><\/td>\n<\/tr>\n<tr>\n<td class=\"zero\" align=\"left\"><span>Gewicht<\/span><\/td>\n<td class=\"uno\"><span>25 kg<\/span><\/td>\n<\/tr>\n<\/tbody>\n<\/table>\n","protected":false},"excerpt":{"rendered":"<p>Die dreiphasige Stromquelle mit Invertertechnologie zum Metallplasmaschneiden PLASMA 57 COMPRESSOR INVERTER beinhaltet einen eingebauten Luftkompressor und zeichnet sich durch Benutzerfreundlichkeit, kompakte Bauweise und hohe Schneidleistung bei kleinen und mittleren Dicken aus. Es eignet sich besonders f\u00fcr Vor-Ort-Eins\u00e4tze und externe Wartungsarbeiten. Die empfohlene Schnittst\u00e4rke bei Stahl liegt je nach Geschwindigkeit zwischen 13 mm und 20 mm.\u00a0Die [&hellip;]<\/p>\n","protected":false},"featured_media":5359,"template":"","meta":{"ocean_post_layout":"","ocean_both_sidebars_style":"","ocean_both_sidebars_content_width":0,"ocean_both_sidebars_sidebars_width":0,"ocean_sidebar":"0","ocean_second_sidebar":"0","ocean_disable_margins":"enable","ocean_add_body_class":"","ocean_shortcode_before_top_bar":"","ocean_shortcode_after_top_bar":"","ocean_shortcode_before_header":"","ocean_shortcode_after_header":"","ocean_has_shortcode":"","ocean_shortcode_after_title":"","ocean_shortcode_before_footer_widgets":"","ocean_shortcode_after_footer_widgets":"","ocean_shortcode_before_footer_bottom":"","ocean_shortcode_after_footer_bottom":"","ocean_display_top_bar":"off","ocean_display_header":"default","ocean_header_style":"","ocean_center_header_left_menu":"0","ocean_custom_header_template":"0","ocean_custom_logo":0,"ocean_custom_retina_logo":0,"ocean_custom_logo_max_width":0,"ocean_custom_logo_tablet_max_width":0,"ocean_custom_logo_mobile_max_width":0,"ocean_custom_logo_max_height":0,"ocean_custom_logo_tablet_max_height":0,"ocean_custom_logo_mobile_max_height":0,"ocean_header_custom_menu":"0","ocean_menu_typo_font_family":"0","ocean_menu_typo_font_subset":"","ocean_menu_typo_font_size":0,"ocean_menu_typo_font_size_tablet":0,"ocean_menu_typo_font_size_mobile":0,"ocean_menu_typo_font_size_unit":"px","ocean_menu_typo_font_weight":"","ocean_menu_typo_font_weight_tablet":"","ocean_menu_typo_font_weight_mobile":"","ocean_menu_typo_transform":"","ocean_menu_typo_transform_tablet":"","ocean_menu_typo_transform_mobile":"","ocean_menu_typo_line_height":0,"ocean_menu_typo_line_height_tablet":0,"ocean_menu_typo_line_height_mobile":0,"ocean_menu_typo_line_height_unit":"","ocean_menu_typo_spacing":0,"ocean_menu_typo_spacing_tablet":0,"ocean_menu_typo_spacing_mobile":0,"ocean_menu_typo_spacing_unit":"","ocean_menu_link_color":"","ocean_menu_link_color_hover":"","ocean_menu_link_color_active":"","ocean_menu_link_background":"","ocean_menu_link_hover_background":"","ocean_menu_link_active_background":"","ocean_menu_social_links_bg":"","ocean_menu_social_hover_links_bg":"","ocean_menu_social_links_color":"","ocean_menu_social_hover_links_color":"","ocean_disable_title":"on","ocean_disable_heading":"default","ocean_post_title":"","ocean_post_subheading":"","ocean_post_title_style":"","ocean_post_title_background_color":"","ocean_post_title_background":0,"ocean_post_title_bg_image_position":"","ocean_post_title_bg_image_attachment":"","ocean_post_title_bg_image_repeat":"","ocean_post_title_bg_image_size":"","ocean_post_title_height":0,"ocean_post_title_bg_overlay":0.5,"ocean_post_title_bg_overlay_color":"","ocean_disable_breadcrumbs":"default","ocean_breadcrumbs_color":"","ocean_breadcrumbs_separator_color":"","ocean_breadcrumbs_links_color":"","ocean_breadcrumbs_links_hover_color":"","ocean_display_footer_widgets":"off","ocean_display_footer_bottom":"default","ocean_custom_footer_template":"0"},"product_brand":[],"product_cat":[275,226,161],"product_tag":[],"class_list":{"0":"post-2182","1":"product","2":"type-product","3":"status-publish","4":"has-post-thumbnail","6":"product_cat-plasmaschneiden-cebora-produkte","7":"product_cat-produkte-plasmaschneider-handwerk","8":"product_cat-produkte-plasma","10":"entry","11":"has-media","13":"first","14":"instock","15":"virtual","16":"purchasable","17":"product-type-simple","18":"has-product-nav","19":"col","20":"span_1_of_3","21":"owp-content-center","22":"owp-thumbs-layout-horizontal","23":"owp-btn-normal","24":"owp-tabs-layout-horizontal","25":"has-no-thumbnails"},"jetpack_sharing_enabled":true,"_links":{"self":[{"href":"https:\/\/kopie.cebotech.de\/index.php?rest_route=\/wp\/v2\/product\/2182","targetHints":{"allow":["GET"]}}],"collection":[{"href":"https:\/\/kopie.cebotech.de\/index.php?rest_route=\/wp\/v2\/product"}],"about":[{"href":"https:\/\/kopie.cebotech.de\/index.php?rest_route=\/wp\/v2\/types\/product"}],"wp:featuredmedia":[{"embeddable":true,"href":"https:\/\/kopie.cebotech.de\/index.php?rest_route=\/wp\/v2\/media\/5359"}],"wp:attachment":[{"href":"https:\/\/kopie.cebotech.de\/index.php?rest_route=%2Fwp%2Fv2%2Fmedia&parent=2182"}],"wp:term":[{"taxonomy":"product_brand","embeddable":true,"href":"https:\/\/kopie.cebotech.de\/index.php?rest_route=%2Fwp%2Fv2%2Fproduct_brand&post=2182"},{"taxonomy":"product_cat","embeddable":true,"href":"https:\/\/kopie.cebotech.de\/index.php?rest_route=%2Fwp%2Fv2%2Fproduct_cat&post=2182"},{"taxonomy":"product_tag","embeddable":true,"href":"https:\/\/kopie.cebotech.de\/index.php?rest_route=%2Fwp%2Fv2%2Fproduct_tag&post=2182"}],"curies":[{"name":"wp","href":"https:\/\/api.w.org\/{rel}","templated":true}]}}