{"id":2524,"date":"2021-11-28T14:14:46","date_gmt":"2021-11-28T14:14:46","guid":{"rendered":"https:\/\/kopie.cebotech.de\/?post_type=product&#038;p=2524"},"modified":"2022-10-26T16:36:33","modified_gmt":"2022-10-26T16:36:33","slug":"schlauchpaket-cebora-280-a-35m","status":"publish","type":"product","link":"https:\/\/kopie.cebotech.de\/?product=schlauchpaket-cebora-280-a-35m","title":{"rendered":"MIG-Brenner \u201eCEBORA 280A\u201c"},"content":{"rendered":"<p><strong>Brenner \u201eCEBORA 280A\u201c &#8211; Euro-Anschluss<\/strong><\/p>\n<h3>Technische Daten:<\/h3>\n<table id=\"table-21\" style=\"height: 101px;\" border=\"1\" width=\"722\">\n<thead>\n<tr>\n<th width=\"129\"><\/th>\n<th width=\"173\">Technische Daten<\/th>\n<th width=\"145\"><img decoding=\"async\" class=\"image-inline\" src=\"https:\/\/welding.cebora.it\/resolveuid\/798ff3338d6245f08bc18619c1d9a430\/@@images\/image\/large\" alt=\"\" data-linktype=\"image\" data-scale=\"large\" data-val=\"798ff3338d6245f08bc18619c1d9a430\" \/><\/th>\n<\/tr>\n<\/thead>\n<tbody>\n<tr>\n<td width=\"80\"><img decoding=\"async\" class=\"image-inline\" src=\"https:\/\/welding.cebora.it\/resolveuid\/5f287f378c6e4e08b6096f49ebf6e6ec\/@@images\/image\/tile\" alt=\"\" data-linktype=\"image\" data-scale=\"tile\" data-val=\"5f287f378c6e4e08b6096f49ebf6e6ec\" \/><\/td>\n<td>280 A 60%<\/td>\n<td colspan=\"2\">Einschaltdauer (10 min, 40\u00b0C)<br \/>\nGem\u00e4\u00df Norm IEC 60974-1<\/td>\n<\/tr>\n<tr>\n<td><img decoding=\"async\" class=\"image-inline\" src=\"https:\/\/welding.cebora.it\/resolveuid\/ad92936f3745498288b296338083d117\/@@images\/image\/large\" alt=\"\" data-linktype=\"image\" data-scale=\"large\" data-val=\"ad92936f3745498288b296338083d117\" \/><\/td>\n<td>3,5 m<\/td>\n<td colspan=\"2\">L\u00e4nge<\/td>\n<\/tr>\n<tr>\n<td><img decoding=\"async\" class=\"image-inline\" src=\"https:\/\/welding.cebora.it\/resolveuid\/6f604a610aef402bb436ba12e9209e67\/@@images\/image\/tile\" alt=\"\" data-linktype=\"image\" data-scale=\"tile\" data-val=\"6f604a610aef402bb436ba12e9209e67\" \/><\/td>\n<td>2,770 Kg<\/td>\n<td colspan=\"2\">Gewicht<\/td>\n<\/tr>\n<\/tbody>\n<\/table>\n<p>&nbsp;<\/p>\n<h3>Zubeh\u00f6r:<\/h3>\n<p><img fetchpriority=\"high\" decoding=\"async\" class=\"alignnone size-medium wp-image-2683\" src=\"https:\/\/kopie.cebotech.de\/wp-content\/uploads\/2021\/11\/large-_3_-300x253.jpg\" alt=\"\" width=\"300\" height=\"253\" srcset=\"https:\/\/kopie.cebotech.de\/wp-content\/uploads\/2021\/11\/large-_3_-300x253.jpg 300w, https:\/\/kopie.cebotech.de\/wp-content\/uploads\/2021\/11\/large-_3_.jpg 540w\" sizes=\"(max-width: 300px) 100vw, 300px\" \/><\/p>\n<p>&nbsp;<\/p>\n<table id=\"table-22\" border=\"1\">\n<thead>\n<tr>\n<th>Art.-Nr.<\/th>\n<th>Beschreibung<\/th>\n<\/tr>\n<\/thead>\n<tbody>\n<tr>\n<td>2709<\/td>\n<td>Stromd\u00fcsen \u00d8 0,6 f\u00fcr Fe\/rostfreier Stahl\/F\u00fclldraht\/CuSi3\/AlBz8 (10 St\u00fcck)<\/td>\n<\/tr>\n<tr>\n<td>2710<\/td>\n<td>Stromd\u00fcsen \u00d8 0,8 f\u00fcr Fe\/rostfreier Stahl\/F\u00fclldraht\/CuSi3\/AlBz8 (10 St\u00fcck)<\/td>\n<\/tr>\n<tr>\n<td>1824<\/td>\n<td>Stromd\u00fcsen \u00d8 0,9 f\u00fcr Fe\/rostfreier Stahl\/F\u00fclldraht\/CuSi3\/AlBz8 (10 St\u00fcck)<\/td>\n<\/tr>\n<tr>\n<td>1813<\/td>\n<td>Stromd\u00fcsen \u00d8 1,0 f\u00fcr Fe\/rostfreier Stahl\/F\u00fclldraht\/CuSi3\/AlBz8 (10 St\u00fcck)<\/td>\n<\/tr>\n<tr>\n<td>1814<\/td>\n<td>Stromd\u00fcsen \u00d8 1,2 f\u00fcr Fe\/rostfreier Stahl\/F\u00fclldraht\/CuSi3\/AlBz8 (10 St\u00fcck)<\/td>\n<\/tr>\n<tr>\n<td>1815<\/td>\n<td>Stromd\u00fcsen \u00d8 1,4 f\u00fcr Fe\/rostfreier Stahl\/F\u00fclldraht\/CuSi3\/AlBz8 (10 St\u00fcck)<\/td>\n<\/tr>\n<tr>\n<td>1816<\/td>\n<td>Stromd\u00fcsen \u00d8 1,6 f\u00fcr Fe\/rostfreier Stahl\/F\u00fclldraht\/CuSi3\/AlBz8 (10 St\u00fcck)<\/td>\n<\/tr>\n<tr>\n<td>1817<\/td>\n<td>Stromd\u00fcsen \u00d8 2,0 f\u00fcr Fe\/rostfreier Stahl\/F\u00fclldraht\/CuSi3\/AlBz8 (10 St\u00fcck)<\/td>\n<\/tr>\n<tr>\n<td>1822<\/td>\n<td>Stromd\u00fcsen \u00d8 0,8 f\u00fcr Aluminium (10 St\u00fcck)<\/td>\n<\/tr>\n<tr>\n<td>1825<\/td>\n<td>Stromd\u00fcsen \u00d8 0,9 f\u00fcr Aluminium (10 St\u00fcck)<\/td>\n<\/tr>\n<tr>\n<td>1819<\/td>\n<td>Stromd\u00fcsen \u00d8 1,0 f\u00fcr Aluminium (10 St\u00fcck)<\/td>\n<\/tr>\n<tr>\n<td>1820<\/td>\n<td>Stromd\u00fcsen \u00d8 1,2 f\u00fcr Aluminium (10 St\u00fcck)<\/td>\n<\/tr>\n<tr>\n<td>1829<\/td>\n<td>Konische Gasd\u00fcse<\/td>\n<\/tr>\n<tr>\n<td>1834<\/td>\n<td>Zylindrische Gasd\u00fcse<\/td>\n<\/tr>\n<tr>\n<td>1966<\/td>\n<td>\n<table id=\"table-5\" width=\"546\">\n<tbody>\n<tr>\n<td>Keramischer Gasdiffusor<\/td>\n<\/tr>\n<\/tbody>\n<\/table>\n<\/td>\n<\/tr>\n<tr>\n<td>1865<\/td>\n<td>\n<table id=\"table-5\" width=\"546\">\n<tbody>\n<tr>\n<td>Brennerhals<\/td>\n<\/tr>\n<\/tbody>\n<\/table>\n<\/td>\n<\/tr>\n<tr>\n<td>1956<\/td>\n<td>Isolierter Gasd\u00fcsentr\u00e4ger<\/td>\n<\/tr>\n<tr>\n<td>1957<\/td>\n<td>Stromd\u00fcsentr\u00e4ger<\/td>\n<\/tr>\n<tr>\n<td>1931<\/td>\n<td>Kit Drahtf\u00fchrungsseele \u00d8 0,6-0,9 f\u00fcr Fe\/rostfreier Stahl\/F\u00fclldraht &#8211; 3,5 m (blau)<\/td>\n<\/tr>\n<tr>\n<td>1932<\/td>\n<td>Kit Drahtf\u00fchrungsseele \u00d8 1,0-1,2 f\u00fcr Fe\/rostfreier Stahl\/F\u00fclldraht &#8211; 3,5 m (rot)<\/td>\n<\/tr>\n<tr>\n<td>1933<\/td>\n<td>Kit Aluminium, bestehend aus: komplette Drahtf\u00fchrungsseele 4,3 m f\u00fcr Draht \u00d8 1,0-1,2 und Drahtf\u00fchrer<\/td>\n<\/tr>\n<\/tbody>\n<\/table>\n","protected":false},"excerpt":{"rendered":"<p>Brenner \u201eCEBORA 280A\u201c &#8211; Euro-Anschluss Technische Daten: Technische Daten 280 A 60% Einschaltdauer (10 min, 40\u00b0C) Gem\u00e4\u00df Norm IEC 60974-1 3,5 m L\u00e4nge 2,770 Kg Gewicht &nbsp; Zubeh\u00f6r: &nbsp; Art.-Nr. Beschreibung 2709 Stromd\u00fcsen \u00d8 0,6 f\u00fcr Fe\/rostfreier Stahl\/F\u00fclldraht\/CuSi3\/AlBz8 (10 St\u00fcck) 2710 Stromd\u00fcsen \u00d8 0,8 f\u00fcr Fe\/rostfreier Stahl\/F\u00fclldraht\/CuSi3\/AlBz8 (10 St\u00fcck) 1824 Stromd\u00fcsen \u00d8 0,9 f\u00fcr Fe\/rostfreier [&hellip;]<\/p>\n","protected":false},"featured_media":7898,"template":"","meta":{"ocean_post_layout":"","ocean_both_sidebars_style":"","ocean_both_sidebars_content_width":0,"ocean_both_sidebars_sidebars_width":0,"ocean_sidebar":"0","ocean_second_sidebar":"0","ocean_disable_margins":"enable","ocean_add_body_class":"","ocean_shortcode_before_top_bar":"","ocean_shortcode_after_top_bar":"","ocean_shortcode_before_header":"","ocean_shortcode_after_header":"","ocean_has_shortcode":"","ocean_shortcode_after_title":"","ocean_shortcode_before_footer_widgets":"","ocean_shortcode_after_footer_widgets":"","ocean_shortcode_before_footer_bottom":"","ocean_shortcode_after_footer_bottom":"","ocean_display_top_bar":"off","ocean_display_header":"default","ocean_header_style":"","ocean_center_header_left_menu":"0","ocean_custom_header_template":"0","ocean_custom_logo":0,"ocean_custom_retina_logo":0,"ocean_custom_logo_max_width":0,"ocean_custom_logo_tablet_max_width":0,"ocean_custom_logo_mobile_max_width":0,"ocean_custom_logo_max_height":0,"ocean_custom_logo_tablet_max_height":0,"ocean_custom_logo_mobile_max_height":0,"ocean_header_custom_menu":"0","ocean_menu_typo_font_family":"0","ocean_menu_typo_font_subset":"","ocean_menu_typo_font_size":0,"ocean_menu_typo_font_size_tablet":0,"ocean_menu_typo_font_size_mobile":0,"ocean_menu_typo_font_size_unit":"px","ocean_menu_typo_font_weight":"","ocean_menu_typo_font_weight_tablet":"","ocean_menu_typo_font_weight_mobile":"","ocean_menu_typo_transform":"","ocean_menu_typo_transform_tablet":"","ocean_menu_typo_transform_mobile":"","ocean_menu_typo_line_height":0,"ocean_menu_typo_line_height_tablet":0,"ocean_menu_typo_line_height_mobile":0,"ocean_menu_typo_line_height_unit":"","ocean_menu_typo_spacing":0,"ocean_menu_typo_spacing_tablet":0,"ocean_menu_typo_spacing_mobile":0,"ocean_menu_typo_spacing_unit":"","ocean_menu_link_color":"","ocean_menu_link_color_hover":"","ocean_menu_link_color_active":"","ocean_menu_link_background":"","ocean_menu_link_hover_background":"","ocean_menu_link_active_background":"","ocean_menu_social_links_bg":"","ocean_menu_social_hover_links_bg":"","ocean_menu_social_links_color":"","ocean_menu_social_hover_links_color":"","ocean_disable_title":"on","ocean_disable_heading":"default","ocean_post_title":"","ocean_post_subheading":"","ocean_post_title_style":"","ocean_post_title_background_color":"","ocean_post_title_background":0,"ocean_post_title_bg_image_position":"","ocean_post_title_bg_image_attachment":"","ocean_post_title_bg_image_repeat":"","ocean_post_title_bg_image_size":"","ocean_post_title_height":0,"ocean_post_title_bg_overlay":0.5,"ocean_post_title_bg_overlay_color":"","ocean_disable_breadcrumbs":"default","ocean_breadcrumbs_color":"","ocean_breadcrumbs_separator_color":"","ocean_breadcrumbs_links_color":"","ocean_breadcrumbs_links_hover_color":"","ocean_display_footer_widgets":"off","ocean_display_footer_bottom":"default","ocean_custom_footer_template":"0"},"product_brand":[],"product_cat":[96,268,288,155,215],"product_tag":[],"class_list":{"0":"post-2524","1":"product","2":"type-product","3":"status-publish","4":"has-post-thumbnail","6":"product_cat-brenner-zubehoer-verschleissteile","7":"product_cat-mig-mag-cebora-zubehoer","8":"product_cat-schlauchpakete-cebora-group-mig-mag","9":"product_cat-zubehoer-verschleissteile-mig-mag-industrie","10":"product_cat-zubehoerverschleissteile-mig-mag-handwerk","12":"entry","13":"has-media","15":"first","16":"instock","17":"virtual","18":"purchasable","19":"product-type-simple","20":"has-product-nav","21":"col","22":"span_1_of_3","23":"owp-content-center","24":"owp-thumbs-layout-horizontal","25":"owp-btn-normal","26":"owp-tabs-layout-horizontal","27":"has-no-thumbnails"},"jetpack_sharing_enabled":true,"_links":{"self":[{"href":"https:\/\/kopie.cebotech.de\/index.php?rest_route=\/wp\/v2\/product\/2524","targetHints":{"allow":["GET"]}}],"collection":[{"href":"https:\/\/kopie.cebotech.de\/index.php?rest_route=\/wp\/v2\/product"}],"about":[{"href":"https:\/\/kopie.cebotech.de\/index.php?rest_route=\/wp\/v2\/types\/product"}],"wp:featuredmedia":[{"embeddable":true,"href":"https:\/\/kopie.cebotech.de\/index.php?rest_route=\/wp\/v2\/media\/7898"}],"wp:attachment":[{"href":"https:\/\/kopie.cebotech.de\/index.php?rest_route=%2Fwp%2Fv2%2Fmedia&parent=2524"}],"wp:term":[{"taxonomy":"product_brand","embeddable":true,"href":"https:\/\/kopie.cebotech.de\/index.php?rest_route=%2Fwp%2Fv2%2Fproduct_brand&post=2524"},{"taxonomy":"product_cat","embeddable":true,"href":"https:\/\/kopie.cebotech.de\/index.php?rest_route=%2Fwp%2Fv2%2Fproduct_cat&post=2524"},{"taxonomy":"product_tag","embeddable":true,"href":"https:\/\/kopie.cebotech.de\/index.php?rest_route=%2Fwp%2Fv2%2Fproduct_tag&post=2524"}],"curies":[{"name":"wp","href":"https:\/\/api.w.org\/{rel}","templated":true}]}}