{"id":2653,"date":"2021-12-04T09:14:14","date_gmt":"2021-12-04T09:14:14","guid":{"rendered":"https:\/\/kopie.cebotech.de\/?post_type=product&#038;p=2653"},"modified":"2022-10-26T16:35:30","modified_gmt":"2022-10-26T16:35:30","slug":"star-weld-mig-260","status":"publish","type":"product","link":"https:\/\/kopie.cebotech.de\/?product=star-weld-mig-260","title":{"rendered":"Star Weld MIG 260"},"content":{"rendered":"<div class=\"contentelement\">\n<div id=\"c1763\" class=\"csc-default\">\n<p>Die Ger\u00e4te <strong>STARWELD 260<\/strong> ist eine sehr verl\u00e4ssliche MIG-MAG Schwei\u00dfmaschine mit optimiertem Z\u00fcndzeitpunkt und einem stabilen Lichtbogen. Der Trafo mit Kupferwicklung ist gro\u00dfz\u00fcgig dimensioniert. Die Einschaltdauer der Maschine spricht hierf\u00fcr. Der Punkt-Schwei\u00df-Mechanismus und die Flexibilit\u00e4t im Gebrauch mit verschiedensten Materialien zeichnet diese Maschine aus. Die Stromquellen wurde nach Kriterien der Robustheit, Zuverl\u00e4ssigkeit und Einsatzvielfalt entwickelt.<br \/>\nF\u00fcr die Einsatzbereiche Schlossereien, metallverarbeitende Betriebe, LKW-Reparaturwerkst\u00e4tten sowie landwirtschaftliche Betriebe und Lohnunternehmer ist die Maschine optimal geeignet.<\/p>\n<\/div>\n<h3 class=\"clearer\">Technische Daten:<\/h3>\n<div>\n<table style=\"height: 433px;\" width=\"515\">\n<tbody>\n<tr>\n<td>Art.-Nr.<\/td>\n<td>Starweld 260<\/td>\n<\/tr>\n<tr>\n<td>Netzanschlu\u00df<\/td>\n<td>400V 50\/60 Hz<\/td>\n<\/tr>\n<tr>\n<td>Max. Anschlusswert<\/td>\n<td>10,5kW<\/td>\n<\/tr>\n<tr>\n<td>Leistungsaufnahme<\/td>\n<td>10,5kVA &#8211; 40%<\/td>\n<\/tr>\n<tr>\n<td>Min.-Max. Einstellbereich<\/td>\n<td>45-290 A<\/td>\n<\/tr>\n<tr>\n<td>Einschaltdauer<\/td>\n<td>290 A 40%<\/td>\n<\/tr>\n<tr>\n<td><\/td>\n<td>235 A 60%<\/td>\n<\/tr>\n<tr>\n<td><\/td>\n<td>185 A 100%<\/td>\n<\/tr>\n<tr>\n<td>Schaltstufen<\/td>\n<td>2&#215;7<\/td>\n<\/tr>\n<tr>\n<td>Absicherung (tr\u00e4ge)<\/td>\n<td>25 A<\/td>\n<\/tr>\n<tr>\n<td>Drahtst\u00e4rke<\/td>\n<td>SOLID 0,6\/0,8\/1,0<\/td>\n<\/tr>\n<tr>\n<td>Max. Rollendurchmesser<\/td>\n<td>D 300mm\/15kg<\/td>\n<\/tr>\n<tr>\n<td>Schutzklasse<\/td>\n<td>IP 21S<\/td>\n<\/tr>\n<tr>\n<td>Nettogewicht<\/p>\n<p>Abmessungen in mm<\/td>\n<td>90kg<\/p>\n<p>380x840x885<\/td>\n<\/tr>\n<\/tbody>\n<\/table>\n<\/div>\n<\/div>\n<div class=\"contentelement\">\n<div id=\"c1764\" class=\"csc-default\">\n<div class=\"csc-header csc-header-n2\">\n<h3>Merkmale<\/h3>\n<\/div>\n<ul>\n<li>optimierter Z\u00fcndzeitpunkt<\/li>\n<li>stabiler Lichtbogen<\/li>\n<li>spritzerarmes Schwei\u00dfen<\/li>\n<li>langlebige und solide Konstruktion<\/li>\n<li>leichte Handhabung durch gro\u00dfe R\u00e4der am Geh\u00e4use<\/li>\n<li>haltbare Technik durch gro\u00dfz\u00fcgig dimensionierte Schwei\u00dftrafos<\/li>\n<li>klassisches Design der Ger\u00e4te mit gro\u00dfz\u00fcgiger Ablagefl\u00e4che<\/li>\n<li>einfache Bedienung mittels Stufenschaltern und stufenloser Regulierung der Drahtvorschubgeschwindigkeit<\/li>\n<li>Punkt- bzw. Stichschwei\u00dfen mit separatem Timer an der Maschine einstellbar<\/li>\n<li>Solide 4-Rollendrahtvorschubeinheiten gew\u00e4hren gleichm\u00e4\u00dfigen Drahttransport<\/li>\n<li>Ger\u00e4te mit Standard-Euro-Zentralanschluss f\u00fcr MIG-\/MAG-Schlauchpaketen<\/li>\n<li>Ger\u00e4te sind ab Werk mit Vorschubrollen 0,8\/1,0 f\u00fcr Stahl, Edelstahl und CuSi-Dr\u00e4hten best\u00fcckt. F\u00fcr Starweld 350 sind auch Vorschubrollen 1,0\/1,2 optional lieferbar<\/li>\n<li>F\u00fcr beide Ger\u00e4te sind auch Vorschubrollen 1,0\/1,2 in U-Form zum Verschwei\u00dfen von Aluminium-Dr\u00e4hten optional lieferbar<\/li>\n<\/ul>\n<h3>Produktinformationen hier <a href=\"https:\/\/kopie.cebotech.de\/wp-content\/uploads\/2021\/12\/Starweld_260_02-2018.pdf\">downloaden<\/a>.<\/h3>\n<\/div>\n<\/div>\n","protected":false},"excerpt":{"rendered":"<p>Die Ger\u00e4te STARWELD 260 ist eine sehr verl\u00e4ssliche MIG-MAG Schwei\u00dfmaschine mit optimiertem Z\u00fcndzeitpunkt und einem stabilen Lichtbogen. Der Trafo mit Kupferwicklung ist gro\u00dfz\u00fcgig dimensioniert. Die Einschaltdauer der Maschine spricht hierf\u00fcr. Der Punkt-Schwei\u00df-Mechanismus und die Flexibilit\u00e4t im Gebrauch mit verschiedensten Materialien zeichnet diese Maschine aus. Die Stromquellen wurde nach Kriterien der Robustheit, Zuverl\u00e4ssigkeit und Einsatzvielfalt entwickelt. [&hellip;]<\/p>\n","protected":false},"featured_media":8482,"template":"","meta":{"ocean_post_layout":"","ocean_both_sidebars_style":"","ocean_both_sidebars_content_width":0,"ocean_both_sidebars_sidebars_width":0,"ocean_sidebar":"0","ocean_second_sidebar":"0","ocean_disable_margins":"enable","ocean_add_body_class":"","ocean_shortcode_before_top_bar":"","ocean_shortcode_after_top_bar":"","ocean_shortcode_before_header":"","ocean_shortcode_after_header":"","ocean_has_shortcode":"","ocean_shortcode_after_title":"","ocean_shortcode_before_footer_widgets":"","ocean_shortcode_after_footer_widgets":"","ocean_shortcode_before_footer_bottom":"","ocean_shortcode_after_footer_bottom":"","ocean_display_top_bar":"off","ocean_display_header":"default","ocean_header_style":"","ocean_center_header_left_menu":"0","ocean_custom_header_template":"0","ocean_custom_logo":0,"ocean_custom_retina_logo":0,"ocean_custom_logo_max_width":0,"ocean_custom_logo_tablet_max_width":0,"ocean_custom_logo_mobile_max_width":0,"ocean_custom_logo_max_height":0,"ocean_custom_logo_tablet_max_height":0,"ocean_custom_logo_mobile_max_height":0,"ocean_header_custom_menu":"0","ocean_menu_typo_font_family":"0","ocean_menu_typo_font_subset":"","ocean_menu_typo_font_size":0,"ocean_menu_typo_font_size_tablet":0,"ocean_menu_typo_font_size_mobile":0,"ocean_menu_typo_font_size_unit":"px","ocean_menu_typo_font_weight":"","ocean_menu_typo_font_weight_tablet":"","ocean_menu_typo_font_weight_mobile":"","ocean_menu_typo_transform":"","ocean_menu_typo_transform_tablet":"","ocean_menu_typo_transform_mobile":"","ocean_menu_typo_line_height":0,"ocean_menu_typo_line_height_tablet":0,"ocean_menu_typo_line_height_mobile":0,"ocean_menu_typo_line_height_unit":"","ocean_menu_typo_spacing":0,"ocean_menu_typo_spacing_tablet":0,"ocean_menu_typo_spacing_mobile":0,"ocean_menu_typo_spacing_unit":"","ocean_menu_link_color":"","ocean_menu_link_color_hover":"","ocean_menu_link_color_active":"","ocean_menu_link_background":"","ocean_menu_link_hover_background":"","ocean_menu_link_active_background":"","ocean_menu_social_links_bg":"","ocean_menu_social_hover_links_bg":"","ocean_menu_social_links_color":"","ocean_menu_social_hover_links_color":"","ocean_disable_title":"on","ocean_disable_heading":"default","ocean_post_title":"","ocean_post_subheading":"","ocean_post_title_style":"","ocean_post_title_background_color":"","ocean_post_title_background":0,"ocean_post_title_bg_image_position":"","ocean_post_title_bg_image_attachment":"","ocean_post_title_bg_image_repeat":"","ocean_post_title_bg_image_size":"","ocean_post_title_height":0,"ocean_post_title_bg_overlay":0.5,"ocean_post_title_bg_overlay_color":"","ocean_disable_breadcrumbs":"default","ocean_breadcrumbs_color":"","ocean_breadcrumbs_separator_color":"","ocean_breadcrumbs_links_color":"","ocean_breadcrumbs_links_hover_color":"","ocean_display_footer_widgets":"off","ocean_display_footer_bottom":"default","ocean_custom_footer_template":"0"},"product_brand":[],"product_cat":[97],"product_tag":[],"class_list":{"0":"post-2653","1":"product","2":"type-product","3":"status-publish","4":"has-post-thumbnail","6":"product_cat-produkte","8":"entry","9":"has-media","11":"first","12":"instock","13":"virtual","14":"purchasable","15":"product-type-simple","16":"has-product-nav","17":"col","18":"span_1_of_3","19":"owp-content-center","20":"owp-thumbs-layout-horizontal","21":"owp-btn-normal","22":"owp-tabs-layout-horizontal","23":"has-no-thumbnails"},"jetpack_sharing_enabled":true,"_links":{"self":[{"href":"https:\/\/kopie.cebotech.de\/index.php?rest_route=\/wp\/v2\/product\/2653","targetHints":{"allow":["GET"]}}],"collection":[{"href":"https:\/\/kopie.cebotech.de\/index.php?rest_route=\/wp\/v2\/product"}],"about":[{"href":"https:\/\/kopie.cebotech.de\/index.php?rest_route=\/wp\/v2\/types\/product"}],"wp:featuredmedia":[{"embeddable":true,"href":"https:\/\/kopie.cebotech.de\/index.php?rest_route=\/wp\/v2\/media\/8482"}],"wp:attachment":[{"href":"https:\/\/kopie.cebotech.de\/index.php?rest_route=%2Fwp%2Fv2%2Fmedia&parent=2653"}],"wp:term":[{"taxonomy":"product_brand","embeddable":true,"href":"https:\/\/kopie.cebotech.de\/index.php?rest_route=%2Fwp%2Fv2%2Fproduct_brand&post=2653"},{"taxonomy":"product_cat","embeddable":true,"href":"https:\/\/kopie.cebotech.de\/index.php?rest_route=%2Fwp%2Fv2%2Fproduct_cat&post=2653"},{"taxonomy":"product_tag","embeddable":true,"href":"https:\/\/kopie.cebotech.de\/index.php?rest_route=%2Fwp%2Fv2%2Fproduct_tag&post=2653"}],"curies":[{"name":"wp","href":"https:\/\/api.w.org\/{rel}","templated":true}]}}