{"id":2677,"date":"2021-12-04T10:18:20","date_gmt":"2021-12-04T10:18:20","guid":{"rendered":"https:\/\/kopie.cebotech.de\/?post_type=product&#038;p=2677"},"modified":"2022-10-26T16:35:29","modified_gmt":"2022-10-26T16:35:29","slug":"brenner-cebora-mig","status":"publish","type":"product","link":"https:\/\/kopie.cebotech.de\/?product=brenner-cebora-mig","title":{"rendered":"Brenner CEBORA MIG"},"content":{"rendered":"<p class=\"product-title\"><strong>Brenner CEBORA MIG<\/strong><\/p>\n<h3>Technische Daten:<\/h3>\n<table id=\"table-21\" border=\"1\" width=\"547\">\n<thead>\n<tr>\n<th width=\"80\"><\/th>\n<th width=\"129\"><\/th>\n<th width=\"173\">Technische Daten<\/th>\n<th width=\"145\"><img decoding=\"async\" class=\"image-inline\" src=\"https:\/\/welding.cebora.it\/resolveuid\/798ff3338d6245f08bc18619c1d9a430\/@@images\/image\/large\" alt=\"\" data-linktype=\"image\" data-scale=\"large\" data-val=\"798ff3338d6245f08bc18619c1d9a430\" \/><\/th>\n<\/tr>\n<\/thead>\n<tbody>\n<tr>\n<td width=\"80\"><img decoding=\"async\" class=\"image-inline\" src=\"https:\/\/welding.cebora.it\/resolveuid\/5f287f378c6e4e08b6096f49ebf6e6ec\/@@images\/image\/tile\" alt=\"\" data-linktype=\"image\" data-scale=\"tile\" data-val=\"5f287f378c6e4e08b6096f49ebf6e6ec\" \/><\/td>\n<td>160A 60%<\/td>\n<td colspan=\"2\">Einschaltdauer (10 min, 40\u00b0C)<br \/>\nGem\u00e4\u00df Norm IEC 60974-1<\/td>\n<\/tr>\n<tr>\n<td><img decoding=\"async\" class=\"image-inline\" src=\"https:\/\/welding.cebora.it\/resolveuid\/ad92936f3745498288b296338083d117\/@@images\/image\/large\" alt=\"\" data-linktype=\"image\" data-scale=\"large\" data-val=\"ad92936f3745498288b296338083d117\" \/><\/td>\n<td>3 m<\/td>\n<td colspan=\"2\">L\u00e4nge<\/td>\n<\/tr>\n<tr>\n<td><img decoding=\"async\" class=\"image-inline\" src=\"https:\/\/welding.cebora.it\/resolveuid\/6f604a610aef402bb436ba12e9209e67\/@@images\/image\/tile\" alt=\"\" data-linktype=\"image\" data-scale=\"tile\" data-val=\"6f604a610aef402bb436ba12e9209e67\" \/><\/td>\n<td>1,400 Kg<\/td>\n<td colspan=\"2\">Gewicht<\/td>\n<\/tr>\n<\/tbody>\n<\/table>\n<p>&nbsp;<\/p>\n<p>Zubeh\u00f6r:<\/p>\n<p><img decoding=\"async\" class=\"alignnone size-medium wp-image-2678\" src=\"https:\/\/kopie.cebotech.de\/wp-content\/uploads\/2021\/12\/large-_1_-300x164.jpg\" alt=\"\" width=\"300\" height=\"164\" srcset=\"https:\/\/kopie.cebotech.de\/wp-content\/uploads\/2021\/12\/large-_1_-300x164.jpg 300w, https:\/\/kopie.cebotech.de\/wp-content\/uploads\/2021\/12\/large-_1_.jpg 540w\" sizes=\"(max-width: 300px) 100vw, 300px\" \/><\/p>\n<table id=\"table-22\" border=\"1\" width=\"546\">\n<thead>\n<tr>\n<th width=\"66\">Art.-Nr.<\/th>\n<th width=\"468\">Beschreibung<\/th>\n<\/tr>\n<\/thead>\n<tbody>\n<tr>\n<td>1457<\/td>\n<td>Stromd\u00fcse \u00d8 0,6<\/td>\n<\/tr>\n<tr>\n<td>1459<\/td>\n<td>Stromd\u00fcse \u00d8 0,8<\/td>\n<\/tr>\n<tr>\n<td>1460<\/td>\n<td>Stromd\u00fcse \u00d8 1,0<\/td>\n<\/tr>\n<tr>\n<td>1462<\/td>\n<td>Stromd\u00fcse \u00d8 0,9 f\u00fcr F\u00fclldraht<\/td>\n<\/tr>\n<tr>\n<td>2715<\/td>\n<td>Stromd\u00fcse \u00d8 0,9 f\u00fcr Aluminiumdraht<\/td>\n<\/tr>\n<tr>\n<td>1461<\/td>\n<td>Konische Gasd\u00fcse<\/td>\n<\/tr>\n<tr>\n<td>1869<\/td>\n<td>Brennerhals<\/td>\n<\/tr>\n<tr>\n<td>1466<\/td>\n<td>Feder Brennerhals<\/td>\n<\/tr>\n<tr>\n<td>1936<\/td>\n<td>Kit Drahtf\u00fchrungsseele \u00d8 0,6-1,0 f\u00fcr Fe\/rostfreier Stahl\/F\u00fclldraht, 3,5 m (blau)<\/td>\n<\/tr>\n<tr>\n<td>1934<\/td>\n<td>Kit Aluminium, bestehend aus: Drahtf\u00fchrungsseele, Drahtf\u00f6rderrolle und Stromd\u00fcse f\u00fcr Draht \u00d8 1 mm<\/td>\n<\/tr>\n<\/tbody>\n<\/table>\n","protected":false},"excerpt":{"rendered":"<p>Brenner CEBORA MIG Technische Daten: Technische Daten 160A 60% Einschaltdauer (10 min, 40\u00b0C) Gem\u00e4\u00df Norm IEC 60974-1 3 m L\u00e4nge 1,400 Kg Gewicht &nbsp; Zubeh\u00f6r: Art.-Nr. Beschreibung 1457 Stromd\u00fcse \u00d8 0,6 1459 Stromd\u00fcse \u00d8 0,8 1460 Stromd\u00fcse \u00d8 1,0 1462 Stromd\u00fcse \u00d8 0,9 f\u00fcr F\u00fclldraht 2715 Stromd\u00fcse \u00d8 0,9 f\u00fcr Aluminiumdraht 1461 Konische Gasd\u00fcse 1869 [&hellip;]<\/p>\n","protected":false},"featured_media":7899,"template":"","meta":{"ocean_post_layout":"","ocean_both_sidebars_style":"","ocean_both_sidebars_content_width":0,"ocean_both_sidebars_sidebars_width":0,"ocean_sidebar":"0","ocean_second_sidebar":"0","ocean_disable_margins":"enable","ocean_add_body_class":"","ocean_shortcode_before_top_bar":"","ocean_shortcode_after_top_bar":"","ocean_shortcode_before_header":"","ocean_shortcode_after_header":"","ocean_has_shortcode":"","ocean_shortcode_after_title":"","ocean_shortcode_before_footer_widgets":"","ocean_shortcode_after_footer_widgets":"","ocean_shortcode_before_footer_bottom":"","ocean_shortcode_after_footer_bottom":"","ocean_display_top_bar":"off","ocean_display_header":"default","ocean_header_style":"","ocean_center_header_left_menu":"0","ocean_custom_header_template":"0","ocean_custom_logo":0,"ocean_custom_retina_logo":0,"ocean_custom_logo_max_width":0,"ocean_custom_logo_tablet_max_width":0,"ocean_custom_logo_mobile_max_width":0,"ocean_custom_logo_max_height":0,"ocean_custom_logo_tablet_max_height":0,"ocean_custom_logo_mobile_max_height":0,"ocean_header_custom_menu":"0","ocean_menu_typo_font_family":"0","ocean_menu_typo_font_subset":"","ocean_menu_typo_font_size":0,"ocean_menu_typo_font_size_tablet":0,"ocean_menu_typo_font_size_mobile":0,"ocean_menu_typo_font_size_unit":"px","ocean_menu_typo_font_weight":"","ocean_menu_typo_font_weight_tablet":"","ocean_menu_typo_font_weight_mobile":"","ocean_menu_typo_transform":"","ocean_menu_typo_transform_tablet":"","ocean_menu_typo_transform_mobile":"","ocean_menu_typo_line_height":0,"ocean_menu_typo_line_height_tablet":0,"ocean_menu_typo_line_height_mobile":0,"ocean_menu_typo_line_height_unit":"","ocean_menu_typo_spacing":0,"ocean_menu_typo_spacing_tablet":0,"ocean_menu_typo_spacing_mobile":0,"ocean_menu_typo_spacing_unit":"","ocean_menu_link_color":"","ocean_menu_link_color_hover":"","ocean_menu_link_color_active":"","ocean_menu_link_background":"","ocean_menu_link_hover_background":"","ocean_menu_link_active_background":"","ocean_menu_social_links_bg":"","ocean_menu_social_hover_links_bg":"","ocean_menu_social_links_color":"","ocean_menu_social_hover_links_color":"","ocean_disable_title":"on","ocean_disable_heading":"default","ocean_post_title":"","ocean_post_subheading":"","ocean_post_title_style":"","ocean_post_title_background_color":"","ocean_post_title_background":0,"ocean_post_title_bg_image_position":"","ocean_post_title_bg_image_attachment":"","ocean_post_title_bg_image_repeat":"","ocean_post_title_bg_image_size":"","ocean_post_title_height":0,"ocean_post_title_bg_overlay":0.5,"ocean_post_title_bg_overlay_color":"","ocean_disable_breadcrumbs":"default","ocean_breadcrumbs_color":"","ocean_breadcrumbs_separator_color":"","ocean_breadcrumbs_links_color":"","ocean_breadcrumbs_links_hover_color":"","ocean_display_footer_widgets":"off","ocean_display_footer_bottom":"default","ocean_custom_footer_template":"0"},"product_brand":[],"product_cat":[96,288],"product_tag":[],"class_list":{"0":"post-2677","1":"product","2":"type-product","3":"status-publish","4":"has-post-thumbnail","6":"product_cat-brenner-zubehoer-verschleissteile","7":"product_cat-schlauchpakete-cebora-group-mig-mag","9":"entry","10":"has-media","12":"first","13":"instock","14":"virtual","15":"purchasable","16":"product-type-simple","17":"has-product-nav","18":"col","19":"span_1_of_3","20":"owp-content-center","21":"owp-thumbs-layout-horizontal","22":"owp-btn-normal","23":"owp-tabs-layout-horizontal","24":"has-no-thumbnails"},"jetpack_sharing_enabled":true,"_links":{"self":[{"href":"https:\/\/kopie.cebotech.de\/index.php?rest_route=\/wp\/v2\/product\/2677","targetHints":{"allow":["GET"]}}],"collection":[{"href":"https:\/\/kopie.cebotech.de\/index.php?rest_route=\/wp\/v2\/product"}],"about":[{"href":"https:\/\/kopie.cebotech.de\/index.php?rest_route=\/wp\/v2\/types\/product"}],"wp:featuredmedia":[{"embeddable":true,"href":"https:\/\/kopie.cebotech.de\/index.php?rest_route=\/wp\/v2\/media\/7899"}],"wp:attachment":[{"href":"https:\/\/kopie.cebotech.de\/index.php?rest_route=%2Fwp%2Fv2%2Fmedia&parent=2677"}],"wp:term":[{"taxonomy":"product_brand","embeddable":true,"href":"https:\/\/kopie.cebotech.de\/index.php?rest_route=%2Fwp%2Fv2%2Fproduct_brand&post=2677"},{"taxonomy":"product_cat","embeddable":true,"href":"https:\/\/kopie.cebotech.de\/index.php?rest_route=%2Fwp%2Fv2%2Fproduct_cat&post=2677"},{"taxonomy":"product_tag","embeddable":true,"href":"https:\/\/kopie.cebotech.de\/index.php?rest_route=%2Fwp%2Fv2%2Fproduct_tag&post=2677"}],"curies":[{"name":"wp","href":"https:\/\/api.w.org\/{rel}","templated":true}]}}