{"id":4115,"date":"2022-03-17T14:16:03","date_gmt":"2022-03-17T14:16:03","guid":{"rendered":"https:\/\/kopie.cebotech.de\/?post_type=product&#038;p=4115"},"modified":"2022-10-26T16:30:05","modified_gmt":"2022-10-26T16:30:05","slug":"plasma-sound-pc-50-m","status":"publish","type":"product","link":"https:\/\/kopie.cebotech.de\/?product=plasma-sound-pc-50-m","title":{"rendered":"PLASMA SOUND PC 50\/M"},"content":{"rendered":"<h5><strong>EINPHASIGE INVERTERSTROMQUELLE<\/strong><strong>\u00a0ZUM PLASMASCHNEIDEN. Z\u00dcNDSYSTEM \u201eON AIR\u201c<\/strong><\/h5>\n<p><img decoding=\"async\" class=\"image-inline\" title=\"icons8-electrical-35.png\" src=\"https:\/\/welding.cebora.it\/documenti-immagini\/icons8-electrical-35.png\/@@images\/53f5edbf-c169-47c0-86e8-81328217a0ef.png\" alt=\"icons8-electrical-35.png\" width=\"29\" height=\"29\" \/>\u00a0230 V\u00a0 \u00a050\/60 Hz\u00a0 \u00a0\u00b1 10%<\/p>\n<p><img decoding=\"async\" class=\"image-inline\" title=\"icons8-ruler-45.png\" src=\"https:\/\/welding.cebora.it\/documenti-immagini\/icons8-ruler-45.png\/@@images\/41ebec00-7d20-427c-93fb-10ff970cc5e7.png\" alt=\"icons8-ruler-45.png\" width=\"30\" height=\"30\" \/>\u00a0Materialst\u00e4rken bei unlegiertem Stahl:<br \/>\n<strong>\u00a0 \u00a0 \u00a0 \u00a0 \u00a0 15 mm:<\/strong>\u00a0hohe Schnittqualit\u00e4t und Produktivit\u00e4t<br \/>\n<strong>\u00a0 \u00a020 mm:<\/strong>\u00a0max. Materialst\u00e4rke<br \/>\n<strong>25\u00a0\u00a0mm:<\/strong>\u00a0Trennbreite<br \/>\n<strong>12 mm:<\/strong>\u00a0Einstechkapazit\u00e4t<\/p>\n<div id=\"heading-caratteristiche-tecniche\" class=\"panel-heading\" role=\"tab\">\n<h3 class=\"text-content\">Technische Eigenschaften<\/h3>\n<\/div>\n<div id=\"collapse-caratteristiche-tecniche\" class=\"panel-collapse collapse in\" role=\"tabpanel\" aria-labelledby=\"heading-caratteristiche-tecniche\" aria-expanded=\"true\">\n<div class=\"panel-body\">\n<ul>\n<li>Einfaches und intuitives Bedienfeld<\/li>\n<li>LED f\u00fcr die Zustandsanzeige der Stromquelle<\/li>\n<li>Synergetische Einstellung der Schneidparameter<\/li>\n<li>Automatische \u00dcberwachung des Verbrauchs der Verbrauchsteile<\/li>\n<li>Automatische Erkennung des Brennertyps und der L\u00e4nge des Schlauchpakets<\/li>\n<li>Die am Bedienfeld w\u00e4hlbare Funktion \u201ePilot Self Restart\u201c, die den Lichtbogen beim Schneiden von Gitter- und Rostwerk automatisch ab- und wieder einschaltet, erh\u00f6ht die Arbeitsleistung des Bedieners.<\/li>\n<li>Geeignet zum Brennputzen (Kapazit\u00e4t 4,1 kg\/h)<\/li>\n<li>Die Stromquelle ist f\u00fcr den Betrieb an Generatoraggregaten angemessener Leistung geeignet.<\/li>\n<\/ul>\n<p><strong>In der Version f\u00fcr die Automation nur in Verbindung mit der analogen Schnittstelle f\u00fcr Pantographen\u00a0[Art. 441]<\/strong><\/p>\n<p><strong>[Art. 326.01]\u00a0<\/strong>Inklusive Maschinenbrenner CP 70C\u00a0&#8211; 6 m, Massekabel (6 m &#8211; 16 mm<sup>2<\/sup>)\u00a0und Masseklemme<br \/>\n<strong>[Art. 326.02]<\/strong>\u00a0Inklusive Maschinenbrenner CP 70C\u00a0&#8211; 15 m,\u00a0Massekabel (6 m &#8211; 16 mm<sup>2<\/sup>)\u00a0und Masseklemme<\/p>\n<p><strong>Die Brenner sind kompatibel mit PLASMA SOUND PC 110\/T, PLASMA SOUND PC 130\/T und PLASMA SOUND PC 70\/T<\/strong><\/p>\n<\/div>\n<\/div>\n<div id=\"heading-interfaccia-digitale\" class=\"panel-heading\" role=\"tab\">\n<h3 class=\"text-content\">Anwendungsbereich<\/h3>\n<\/div>\n<div id=\"collapse-interfaccia-digitale\" class=\"panel-collapse collapse in\" role=\"tabpanel\" aria-labelledby=\"heading-interfaccia-digitale\" aria-expanded=\"true\">\n<div class=\"panel-body\">\n<ul>\n<li>Leichtstahlbau<\/li>\n<li>Schiffsbau<\/li>\n<li>Hoch- und Tiefbau<\/li>\n<li>Handwerk<\/li>\n<li>Planm\u00e4\u00dfige Wartung<\/li>\n<\/ul>\n<\/div>\n<\/div>\n<div id=\"collapse-caratteristiche-tecniche\" class=\"panel-collapse collapse in\" role=\"tabpanel\" aria-labelledby=\"heading-caratteristiche-tecniche\" aria-expanded=\"true\">\n<div id=\"heading-interfaccia-analogica\" class=\"panel-heading\" role=\"tab\">\n<h3 class=\"text-content\">Technisches Datenblatt<\/h3>\n<\/div>\n<div id=\"collapse-interfaccia-analogica\" class=\"panel-collapse collapse in\" role=\"tabpanel\" aria-labelledby=\"heading-interfaccia-analogica\" aria-expanded=\"true\">\n<div class=\"panel-body\">\n<table class=\"table table-bordered\">\n<thead>\n<tr>\n<th>Art.-Nr.<\/th>\n<th>326<\/th>\n<th>Technische Daten<\/th>\n<th><img decoding=\"async\" class=\"image-inline\" src=\"https:\/\/welding.cebora.it\/resolveuid\/798ff3338d6245f08bc18619c1d9a430\/@@images\/image\/large\" alt=\"\" data-linktype=\"image\" data-scale=\"large\" data-val=\"798ff3338d6245f08bc18619c1d9a430\" \/><\/th>\n<\/tr>\n<\/thead>\n<tbody>\n<tr>\n<td><img decoding=\"async\" class=\"image-inline\" src=\"https:\/\/welding.cebora.it\/resolveuid\/4e76a9bcc15b4ad09c93fb6000a6bc68\/@@images\/image\/large\" alt=\"\" width=\"54\" height=\"27\" data-linktype=\"image\" data-scale=\"large\" data-val=\"4e76a9bcc15b4ad09c93fb6000a6bc68\" \/><\/td>\n<td><strong>230V<br \/>\n50\/60 Hz<br \/>\n\u00b1 10%<\/strong><\/td>\n<td colspan=\"2\">Einphasiger Netzanschluss<br \/>\nSingle phase input<\/td>\n<\/tr>\n<tr>\n<td><img loading=\"lazy\" decoding=\"async\" class=\"image-inline\" src=\"https:\/\/welding.cebora.it\/resolveuid\/aa9fb4c7ab754c0c8ab119a4109b21ae\/@@images\/image\/large\" alt=\"\" width=\"54\" height=\"28\" data-linktype=\"image\" data-scale=\"large\" data-val=\"aa9fb4c7ab754c0c8ab119a4109b21ae\" \/><\/td>\n<td><strong>32 A<\/strong><\/td>\n<td colspan=\"2\">Tr\u00e4ge Sicherung<br \/>\nFuse rating (slow blow)<\/td>\n<\/tr>\n<tr>\n<td><img loading=\"lazy\" decoding=\"async\" class=\"image-inline\" src=\"https:\/\/welding.cebora.it\/resolveuid\/ec373687815540f282f7d24c1f1e8cf7\/@@images\/image\/large\" alt=\"\" width=\"53\" height=\"27\" data-linktype=\"image\" data-scale=\"large\" data-val=\"ec373687815540f282f7d24c1f1e8cf7\" \/><\/td>\n<td><strong>7,8 kVA\u00a0 \u00a0 \u00a040%<br \/>\n5,8 kVA\u00a0\u00a0\u00a0\u00a0 60%<br \/>\n5,3 kVA\u00a0 \u00a0100%<\/strong><\/td>\n<td colspan=\"2\">Leistungsaufnahme<br \/>\nInput power<\/td>\n<\/tr>\n<tr>\n<td><img loading=\"lazy\" decoding=\"async\" class=\"image-inline\" src=\"https:\/\/welding.cebora.it\/resolveuid\/d87cb0b7ed214ccd8a347e0b0d7103ae\/@@images\/image\/large\" alt=\"\" width=\"56\" height=\"28\" data-linktype=\"image\" data-scale=\"large\" data-val=\"d87cb0b7ed214ccd8a347e0b0d7103ae\" \/><\/td>\n<td><strong>20 A \u00f7 50 A<\/strong><\/td>\n<td colspan=\"2\">Stromeinstellbereich<br \/>\nCurrent adjustment range<\/td>\n<\/tr>\n<tr>\n<td><img loading=\"lazy\" decoding=\"async\" class=\"image-inline\" src=\"https:\/\/welding.cebora.it\/resolveuid\/5f287f378c6e4e08b6096f49ebf6e6ec\/@@images\/image\/large\" alt=\"\" width=\"53\" height=\"27\" data-linktype=\"image\" data-scale=\"large\" data-val=\"5f287f378c6e4e08b6096f49ebf6e6ec\" \/><\/td>\n<td><strong>50 A\u00a0\u00a0\u00a0\u00a0\u00a0\u00a0\u00a0\u00a0\u00a0\u00a0 35%<br \/>\n42 A\u00a0\u00a0\u00a0\u00a0\u00a0\u00a0\u00a0\u00a0\u00a0\u00a0 60%<br \/>\n<\/strong><strong>33 A\u00a0\u00a0\u00a0\u00a0\u00a0\u00a0\u00a0\u00a0 100%<\/strong><\/td>\n<td colspan=\"2\">Einschaltdauer (10 min, 40\u00b0C)<br \/>\nGem\u00e4\u00df Norm IEC 60974-1<br \/>\nDuty Cycle (10 min.40\u00b0C)<br \/>\nAccording to IEC 60974-1<\/td>\n<\/tr>\n<tr>\n<td><img loading=\"lazy\" decoding=\"async\" class=\"image-inline\" src=\"https:\/\/welding.cebora.it\/resolveuid\/d0d120ececce4759881a5c766fdf275a\/@@images\/image\/large\" alt=\"\" width=\"54\" height=\"28\" data-linktype=\"image\" data-scale=\"large\" data-val=\"d0d120ececce4759881a5c766fdf275a\" \/><\/td>\n<td><strong>ELECTRONIC<\/strong><\/td>\n<td colspan=\"2\">Stufenlose Einstellung<br \/>\nStepless regulation<\/td>\n<\/tr>\n<tr>\n<td><img decoding=\"async\" class=\"image-inline\" src=\"https:\/\/welding.cebora.it\/resolveuid\/56762042b80f462ab0f8b9be6d77d2c7\/@@images\/image\/large\" alt=\"\" data-linktype=\"image\" data-scale=\"large\" data-val=\"56762042b80f462ab0f8b9be6d77d2c7\" \/><\/td>\n<td><strong>15 &#8211; 20 -(25) mm<br \/>\n5\/8\u201d &#8211; 3\/4&#8243; &#8211; (1\u201d)<\/strong><\/td>\n<td colspan=\"2\">Materialst\u00e4rken bei Stahl: Empfohlen &#8211; Max. &#8211; (Trennschnitt)<br \/>\nThickness on steel: Recommended &#8211; Max &#8211; (Severance)<\/td>\n<\/tr>\n<tr>\n<td><img decoding=\"async\" class=\"image-inline\" src=\"https:\/\/welding.cebora.it\/resolveuid\/e01d4d57e9004fe585d9746406310629\/@@images\/image\/large\" alt=\"\" data-linktype=\"image\" data-scale=\"large\" data-val=\"e01d4d57e9004fe585d9746406310629\" \/><\/td>\n<td><strong>210\u00a0l\/min @ 5,5 bar<\/strong><\/td>\n<td colspan=\"2\">Luftverbrauch<br \/>\nAir consumption<\/td>\n<\/tr>\n<tr>\n<td><img loading=\"lazy\" decoding=\"async\" class=\"image-inline\" src=\"https:\/\/welding.cebora.it\/resolveuid\/7fc4b99b597f4081b56be2726cf9af00\/@@images\/image\/large\" alt=\"\" width=\"53\" height=\"27\" data-linktype=\"image\" data-scale=\"large\" data-val=\"7fc4b99b597f4081b56be2726cf9af00\" \/><\/td>\n<td><strong>IP23S<\/strong><\/td>\n<td colspan=\"2\">Schutzart<br \/>\nProtection class<\/td>\n<\/tr>\n<tr>\n<td><img loading=\"lazy\" decoding=\"async\" class=\"image-inline\" src=\"https:\/\/welding.cebora.it\/resolveuid\/6f604a610aef402bb436ba12e9209e67\/@@images\/image\/large\" alt=\"\" width=\"53\" height=\"27\" data-linktype=\"image\" data-scale=\"large\" data-val=\"6f604a610aef402bb436ba12e9209e67\" \/><\/td>\n<td><strong>23<\/strong><strong>\u00a0Kg<\/strong><\/td>\n<td colspan=\"2\">Gewicht<br \/>\nWeight<\/td>\n<\/tr>\n<tr>\n<td><img loading=\"lazy\" decoding=\"async\" class=\"image-inline\" src=\"https:\/\/welding.cebora.it\/resolveuid\/5706e8523276461899501d2ce2f96685\/@@images\/image\/large\" alt=\"\" width=\"53\" height=\"27\" data-linktype=\"image\" data-scale=\"large\" data-val=\"5706e8523276461899501d2ce2f96685\" \/><\/td>\n<td><strong>286x590x406 mm<\/strong><\/td>\n<td colspan=\"2\">Abmessungen (BxLxH)<br \/>\nDimensions (WxLxH)<\/td>\n<\/tr>\n<\/tbody>\n<\/table>\n<\/div>\n<p>&nbsp;<\/p>\n<\/div>\n<\/div>\n","protected":false},"excerpt":{"rendered":"<p>EINPHASIGE INVERTERSTROMQUELLE\u00a0ZUM PLASMASCHNEIDEN. Z\u00dcNDSYSTEM \u201eON AIR\u201c \u00a0230 V\u00a0 \u00a050\/60 Hz\u00a0 \u00a0\u00b1 10% \u00a0Materialst\u00e4rken bei unlegiertem Stahl: \u00a0 \u00a0 \u00a0 \u00a0 \u00a0 15 mm:\u00a0hohe Schnittqualit\u00e4t und Produktivit\u00e4t \u00a0 \u00a020 mm:\u00a0max. Materialst\u00e4rke 25\u00a0\u00a0mm:\u00a0Trennbreite 12 mm:\u00a0Einstechkapazit\u00e4t Technische Eigenschaften Einfaches und intuitives Bedienfeld LED f\u00fcr die Zustandsanzeige der Stromquelle Synergetische Einstellung der Schneidparameter Automatische \u00dcberwachung des Verbrauchs der Verbrauchsteile [&hellip;]<\/p>\n","protected":false},"featured_media":4117,"template":"","meta":{"ocean_post_layout":"","ocean_both_sidebars_style":"","ocean_both_sidebars_content_width":0,"ocean_both_sidebars_sidebars_width":0,"ocean_sidebar":"0","ocean_second_sidebar":"0","ocean_disable_margins":"enable","ocean_add_body_class":"","ocean_shortcode_before_top_bar":"","ocean_shortcode_after_top_bar":"","ocean_shortcode_before_header":"","ocean_shortcode_after_header":"","ocean_has_shortcode":"","ocean_shortcode_after_title":"","ocean_shortcode_before_footer_widgets":"","ocean_shortcode_after_footer_widgets":"","ocean_shortcode_before_footer_bottom":"","ocean_shortcode_after_footer_bottom":"","ocean_display_top_bar":"off","ocean_display_header":"default","ocean_header_style":"","ocean_center_header_left_menu":"0","ocean_custom_header_template":"0","ocean_custom_logo":0,"ocean_custom_retina_logo":0,"ocean_custom_logo_max_width":0,"ocean_custom_logo_tablet_max_width":0,"ocean_custom_logo_mobile_max_width":0,"ocean_custom_logo_max_height":0,"ocean_custom_logo_tablet_max_height":0,"ocean_custom_logo_mobile_max_height":0,"ocean_header_custom_menu":"0","ocean_menu_typo_font_family":"0","ocean_menu_typo_font_subset":"","ocean_menu_typo_font_size":0,"ocean_menu_typo_font_size_tablet":0,"ocean_menu_typo_font_size_mobile":0,"ocean_menu_typo_font_size_unit":"px","ocean_menu_typo_font_weight":"","ocean_menu_typo_font_weight_tablet":"","ocean_menu_typo_font_weight_mobile":"","ocean_menu_typo_transform":"","ocean_menu_typo_transform_tablet":"","ocean_menu_typo_transform_mobile":"","ocean_menu_typo_line_height":0,"ocean_menu_typo_line_height_tablet":0,"ocean_menu_typo_line_height_mobile":0,"ocean_menu_typo_line_height_unit":"","ocean_menu_typo_spacing":0,"ocean_menu_typo_spacing_tablet":0,"ocean_menu_typo_spacing_mobile":0,"ocean_menu_typo_spacing_unit":"","ocean_menu_link_color":"","ocean_menu_link_color_hover":"","ocean_menu_link_color_active":"","ocean_menu_link_background":"","ocean_menu_link_hover_background":"","ocean_menu_link_active_background":"","ocean_menu_social_links_bg":"","ocean_menu_social_hover_links_bg":"","ocean_menu_social_links_color":"","ocean_menu_social_hover_links_color":"","ocean_disable_title":"on","ocean_disable_heading":"default","ocean_post_title":"","ocean_post_subheading":"","ocean_post_title_style":"","ocean_post_title_background_color":"","ocean_post_title_background":0,"ocean_post_title_bg_image_position":"","ocean_post_title_bg_image_attachment":"","ocean_post_title_bg_image_repeat":"","ocean_post_title_bg_image_size":"","ocean_post_title_height":0,"ocean_post_title_bg_overlay":0.5,"ocean_post_title_bg_overlay_color":"","ocean_disable_breadcrumbs":"default","ocean_breadcrumbs_color":"","ocean_breadcrumbs_separator_color":"","ocean_breadcrumbs_links_color":"","ocean_breadcrumbs_links_hover_color":"","ocean_display_footer_widgets":"off","ocean_display_footer_bottom":"default","ocean_custom_footer_template":"0"},"product_brand":[],"product_cat":[226,170,161],"product_tag":[],"class_list":{"0":"post-4115","1":"product","2":"type-product","3":"status-publish","4":"has-post-thumbnail","6":"product_cat-produkte-plasmaschneider-handwerk","7":"product_cat-produkte-plasma-automatisierung","8":"product_cat-produkte-plasma","10":"entry","11":"has-media","13":"first","14":"instock","15":"virtual","16":"purchasable","17":"product-type-simple","18":"has-product-nav","19":"col","20":"span_1_of_3","21":"owp-content-center","22":"owp-thumbs-layout-horizontal","23":"owp-btn-normal","24":"owp-tabs-layout-horizontal","25":"has-no-thumbnails"},"jetpack_sharing_enabled":true,"_links":{"self":[{"href":"https:\/\/kopie.cebotech.de\/index.php?rest_route=\/wp\/v2\/product\/4115","targetHints":{"allow":["GET"]}}],"collection":[{"href":"https:\/\/kopie.cebotech.de\/index.php?rest_route=\/wp\/v2\/product"}],"about":[{"href":"https:\/\/kopie.cebotech.de\/index.php?rest_route=\/wp\/v2\/types\/product"}],"wp:featuredmedia":[{"embeddable":true,"href":"https:\/\/kopie.cebotech.de\/index.php?rest_route=\/wp\/v2\/media\/4117"}],"wp:attachment":[{"href":"https:\/\/kopie.cebotech.de\/index.php?rest_route=%2Fwp%2Fv2%2Fmedia&parent=4115"}],"wp:term":[{"taxonomy":"product_brand","embeddable":true,"href":"https:\/\/kopie.cebotech.de\/index.php?rest_route=%2Fwp%2Fv2%2Fproduct_brand&post=4115"},{"taxonomy":"product_cat","embeddable":true,"href":"https:\/\/kopie.cebotech.de\/index.php?rest_route=%2Fwp%2Fv2%2Fproduct_cat&post=4115"},{"taxonomy":"product_tag","embeddable":true,"href":"https:\/\/kopie.cebotech.de\/index.php?rest_route=%2Fwp%2Fv2%2Fproduct_tag&post=4115"}],"curies":[{"name":"wp","href":"https:\/\/api.w.org\/{rel}","templated":true}]}}