{"id":5150,"date":"2022-03-21T07:02:58","date_gmt":"2022-03-21T07:02:58","guid":{"rendered":"https:\/\/kopie.cebotech.de\/?post_type=product&#038;p=5150"},"modified":"2022-10-26T16:29:15","modified_gmt":"2022-10-26T16:29:15","slug":"doppelpunkt-schweissgeraet-artikel-4040-4043-32-kva-bei-50","status":"publish","type":"product","link":"https:\/\/kopie.cebotech.de\/?product=doppelpunkt-schweissgeraet-artikel-4040-4043-32-kva-bei-50","title":{"rendered":"Doppelpunkt Schwei\u00dfger\u00e4t \u2013 ARTIKEL 4040-4043 \u2013 32 kVA BEI 50%"},"content":{"rendered":"<p>Breite Palette an modularen Schwei\u00dfger\u00e4ten zur Bildung von Mehrpunkt-Schwei\u00dfmaschinen. Diese Schwei\u00dfger\u00e4te wurden vor allem konzipiert, um die Projekte zu vereinfachen und die Zeit zur Verwirklichung spezieller Schwei\u00dfger\u00e4te zu verk\u00fcrzen. Jedes einzelne Ger\u00e4t ist f\u00fcr den eigenst\u00e4ndigen Betrieb geeignet. Werden hingegen alle Ger\u00e4te in Kaskadenschaltung zusammengeschlossen, kann man ohne jede \u00dcberwachung von au\u00dfen ganze Schwei\u00dfsequenzen ausf\u00fchren.<\/p>\n<p>Die kompakten Abmessungen dieser Schwei\u00dfger\u00e4te, ausgestattet mit Trafo, Elektroniksteuerung, SCR, Zylindern, Druckluftsystem und K\u00fchlkreis erm\u00f6glichen die Gestaltung vielseitiger Mehrpunkt-Ger\u00e4te, die mit minimalen Mehrkosten ver\u00e4ndert werden k\u00f6nnen. Durch den gemeinsamen Anschluss der Schwei\u00dfger\u00e4te auf 3 Phasen und durch Sequenzschwei\u00dfen besteht die M\u00f6glichkeit zur Bildung hochproduktiver Maschinen mit minimaler Stromversorgung \u00fcber das Stromnetz.<\/p>\n<h3>Merkmale:<\/h3>\n<ul>\n<li>Doppelpunkt Schwei\u00dfger\u00e4t.<\/li>\n<li>Zwei Ausf\u00fchrungen: mit oder ohne TE93 Mikroprozessor Schwei\u00dfsteuerung.<\/li>\n<li>Verschiedene Elektrodenhalterungen f\u00fcr unterschiedliche Arbeitsanforderungen.<\/li>\n<li>Wassergek\u00fchlter Trafo mit Wicklungen mit Epoxidharzbeschichtung.<\/li>\n<li>Wassergek\u00fchlte Elektrodenhalterungen und Elektroden.<\/li>\n<li>Synchroner SCR Kontaktgeber, isoliert vom K\u00fchlwasserkreis mit einem Schutz-Thermostat.(nur Artikel 4040, 4042)<\/li>\n<li>Druckluft-Zylinder mit doppeltem Wirkungsgrad, schmierfrei, um keinen \u00d6lnebel freizusetzen.<\/li>\n<\/ul>\n<p>&nbsp;<\/p>\n<p><strong>Anwendungsbeispiele<\/strong><\/p>\n<table border=\"1\" cellspacing=\"0\" cellpadding=\"3\" align=\"center\">\n<tbody>\n<tr align=\"center\">\n<td><img decoding=\"async\" src=\"https:\/\/tecna.net\/app\/uploads\/2020\/11\/dpes1-1.gif\" alt=\"dpes1\" width=\"100\" height=\"58\" \/><\/td>\n<td><img decoding=\"async\" src=\"https:\/\/tecna.net\/app\/uploads\/2020\/11\/dpes2-1.gif\" alt=\"dpes2\" width=\"100\" height=\"58\" \/><\/td>\n<td><img decoding=\"async\" src=\"https:\/\/tecna.net\/app\/uploads\/2020\/11\/dpes3-1.gif\" alt=\"dpes3\" width=\"100\" height=\"58\" \/><\/td>\n<td><img loading=\"lazy\" decoding=\"async\" src=\"https:\/\/tecna.net\/app\/uploads\/2020\/11\/dpes4-1.gif\" alt=\"dpes4\" width=\"100\" height=\"58\" \/><\/td>\n<td><img loading=\"lazy\" decoding=\"async\" src=\"https:\/\/tecna.net\/app\/uploads\/2020\/11\/dpes5-1.gif\" alt=\"dpes5\" width=\"100\" height=\"58\" \/><\/td>\n<\/tr>\n<\/tbody>\n<\/table>\n","protected":false},"excerpt":{"rendered":"<p>Breite Palette an modularen Schwei\u00dfger\u00e4ten zur Bildung von Mehrpunkt-Schwei\u00dfmaschinen. Diese Schwei\u00dfger\u00e4te wurden vor allem konzipiert, um die Projekte zu vereinfachen und die Zeit zur Verwirklichung spezieller Schwei\u00dfger\u00e4te zu verk\u00fcrzen. Jedes einzelne Ger\u00e4t ist f\u00fcr den eigenst\u00e4ndigen Betrieb geeignet. Werden hingegen alle Ger\u00e4te in Kaskadenschaltung zusammengeschlossen, kann man ohne jede \u00dcberwachung von au\u00dfen ganze Schwei\u00dfsequenzen ausf\u00fchren. [&hellip;]<\/p>\n","protected":false},"featured_media":5151,"template":"","meta":{"ocean_post_layout":"","ocean_both_sidebars_style":"","ocean_both_sidebars_content_width":0,"ocean_both_sidebars_sidebars_width":0,"ocean_sidebar":"0","ocean_second_sidebar":"0","ocean_disable_margins":"enable","ocean_add_body_class":"","ocean_shortcode_before_top_bar":"","ocean_shortcode_after_top_bar":"","ocean_shortcode_before_header":"","ocean_shortcode_after_header":"","ocean_has_shortcode":"","ocean_shortcode_after_title":"","ocean_shortcode_before_footer_widgets":"","ocean_shortcode_after_footer_widgets":"","ocean_shortcode_before_footer_bottom":"","ocean_shortcode_after_footer_bottom":"","ocean_display_top_bar":"off","ocean_display_header":"default","ocean_header_style":"","ocean_center_header_left_menu":"0","ocean_custom_header_template":"0","ocean_custom_logo":0,"ocean_custom_retina_logo":0,"ocean_custom_logo_max_width":0,"ocean_custom_logo_tablet_max_width":0,"ocean_custom_logo_mobile_max_width":0,"ocean_custom_logo_max_height":0,"ocean_custom_logo_tablet_max_height":0,"ocean_custom_logo_mobile_max_height":0,"ocean_header_custom_menu":"0","ocean_menu_typo_font_family":"0","ocean_menu_typo_font_subset":"","ocean_menu_typo_font_size":0,"ocean_menu_typo_font_size_tablet":0,"ocean_menu_typo_font_size_mobile":0,"ocean_menu_typo_font_size_unit":"px","ocean_menu_typo_font_weight":"","ocean_menu_typo_font_weight_tablet":"","ocean_menu_typo_font_weight_mobile":"","ocean_menu_typo_transform":"","ocean_menu_typo_transform_tablet":"","ocean_menu_typo_transform_mobile":"","ocean_menu_typo_line_height":0,"ocean_menu_typo_line_height_tablet":0,"ocean_menu_typo_line_height_mobile":0,"ocean_menu_typo_line_height_unit":"","ocean_menu_typo_spacing":0,"ocean_menu_typo_spacing_tablet":0,"ocean_menu_typo_spacing_mobile":0,"ocean_menu_typo_spacing_unit":"","ocean_menu_link_color":"","ocean_menu_link_color_hover":"","ocean_menu_link_color_active":"","ocean_menu_link_background":"","ocean_menu_link_hover_background":"","ocean_menu_link_active_background":"","ocean_menu_social_links_bg":"","ocean_menu_social_hover_links_bg":"","ocean_menu_social_links_color":"","ocean_menu_social_hover_links_color":"","ocean_disable_title":"on","ocean_disable_heading":"default","ocean_post_title":"","ocean_post_subheading":"","ocean_post_title_style":"","ocean_post_title_background_color":"","ocean_post_title_background":0,"ocean_post_title_bg_image_position":"","ocean_post_title_bg_image_attachment":"","ocean_post_title_bg_image_repeat":"","ocean_post_title_bg_image_size":"","ocean_post_title_height":0,"ocean_post_title_bg_overlay":0.5,"ocean_post_title_bg_overlay_color":"","ocean_disable_breadcrumbs":"default","ocean_breadcrumbs_color":"","ocean_breadcrumbs_separator_color":"","ocean_breadcrumbs_links_color":"","ocean_breadcrumbs_links_hover_color":"","ocean_display_footer_widgets":"off","ocean_display_footer_bottom":"default","ocean_custom_footer_template":"0"},"product_brand":[],"product_cat":[238,204],"product_tag":[],"class_list":{"0":"post-5150","1":"product","2":"type-product","3":"status-publish","4":"has-post-thumbnail","6":"product_cat-doppelpunkt-schweissgeraet-handwerk","7":"product_cat-doppelpunkt-schweissgeraete","9":"entry","10":"has-media","12":"first","13":"instock","14":"virtual","15":"purchasable","16":"product-type-simple","17":"has-product-nav","18":"col","19":"span_1_of_3","20":"owp-content-center","21":"owp-thumbs-layout-horizontal","22":"owp-btn-normal","23":"owp-tabs-layout-horizontal","24":"has-no-thumbnails"},"jetpack_sharing_enabled":true,"_links":{"self":[{"href":"https:\/\/kopie.cebotech.de\/index.php?rest_route=\/wp\/v2\/product\/5150","targetHints":{"allow":["GET"]}}],"collection":[{"href":"https:\/\/kopie.cebotech.de\/index.php?rest_route=\/wp\/v2\/product"}],"about":[{"href":"https:\/\/kopie.cebotech.de\/index.php?rest_route=\/wp\/v2\/types\/product"}],"wp:featuredmedia":[{"embeddable":true,"href":"https:\/\/kopie.cebotech.de\/index.php?rest_route=\/wp\/v2\/media\/5151"}],"wp:attachment":[{"href":"https:\/\/kopie.cebotech.de\/index.php?rest_route=%2Fwp%2Fv2%2Fmedia&parent=5150"}],"wp:term":[{"taxonomy":"product_brand","embeddable":true,"href":"https:\/\/kopie.cebotech.de\/index.php?rest_route=%2Fwp%2Fv2%2Fproduct_brand&post=5150"},{"taxonomy":"product_cat","embeddable":true,"href":"https:\/\/kopie.cebotech.de\/index.php?rest_route=%2Fwp%2Fv2%2Fproduct_cat&post=5150"},{"taxonomy":"product_tag","embeddable":true,"href":"https:\/\/kopie.cebotech.de\/index.php?rest_route=%2Fwp%2Fv2%2Fproduct_tag&post=5150"}],"curies":[{"name":"wp","href":"https:\/\/api.w.org\/{rel}","templated":true}]}}