{"id":722,"date":"2021-10-23T07:42:34","date_gmt":"2021-10-23T07:42:34","guid":{"rendered":"https:\/\/kopie.cebotech.de\/?post_type=product&#038;p=722"},"modified":"2024-07-16T11:56:57","modified_gmt":"2024-07-16T11:56:57","slug":"induktor-all-in-one-35kw-wassergekuehlt","status":"publish","type":"product","link":"https:\/\/kopie.cebotech.de\/?product=induktor-all-in-one-35kw-wassergekuehlt","title":{"rendered":"Induktor &#8220;All-In-One&#8221; 3,5kW wassergek\u00fchlt"},"content":{"rendered":"<p>Der <strong>Inductor All-In-One<\/strong> ist ein revolution\u00e4res Anw\u00e4rmsystem und Demontagewerkzeug, das mittels Induktion hohe Leistung erbringt. Es wird vorwiegend in der Automobilbranche eingesetzt, aber auch da, wo Bauteile aus Eisen und Metallen im Allgemeinen, einschlie\u00dflich Aluminium, schnell und effizient erw\u00e4rmt werden m\u00fcssen.<br \/>\nDer Inductor All-In-One entfernt geklebte Elemente der Karosserie und ist ebenso zum Erw\u00e4rmen festgerosteter Bolzen und Muttern geeignet. Au\u00dferdem ist es m\u00f6glich, Rahmen aus Stahl oder Aluminium spannungsfrei zu gl\u00fchen oder Dellen zu entfernen. Die Funktionsweise des Systems gr\u00fcndet auf dem Prinzip der induktiven Erw\u00e4rmung mit Hilfe elektromagnetischer Spulen.<br \/>\nDer Inductor All-In-One verbindet die Vorteile eines wassergek\u00fchlten Hochleistungsinduktors, mit dem auf die jeweilige Funktion optimierten ungek\u00fchlten Zubeh\u00f6rs.<br \/>\nDer Induktor kann auch in feuergef\u00e4hrlichen Umgebungen eingesetzt werden, etwa bei Kraftstoff- und Hydraulikschl\u00e4uchen.<\/p>\n<p>Vorteile und M\u00f6glichkeiten des Systems<\/p>\n<p>\u0084 Senkt die Arbeitskosten<br \/>\n\u0084 Ist mit 7 kg und kompakten Abmessungen leicht transportabel<br \/>\n\u0084 Erm\u00f6glicht die Wiederverwendung der demontierten Komponenten<br \/>\n\u0084 Gl\u00fcht spannungsfrei Karosserie- und Chassisteile<br \/>\n\u0084 Bearbeiten von Dellen in Blechen aus Stahl und Aluminium<br \/>\n\u0084 Erw\u00e4rmt festgerostete Bolzen und Muttern<br \/>\n\u0084 Vereinfacht die Lagermontage und -demontage<br \/>\n\u0084 Entfernt alles, was mit Stahl oder Aluminium verklebt ist, wie zum Beispiel: geklebtes Glas, geklebte Bauteile, Aufkleber, Klebestreifen und Zierleisten, Typenschilder, feuchtigkeitsabweisende Folien<br \/>\n\u0084 CE zertifiziert und hergestellt nach ISO 9000<\/p>\n<p>&nbsp;<\/p>\n<p><strong>Produktinformation<\/strong> hier <a href=\"https:\/\/kopie.cebotech.de\/wp-content\/uploads\/2021\/10\/Inductor-All-In-One_2024-1.pdf\">downloaden<\/a>.<\/p>\n","protected":false},"excerpt":{"rendered":"<p>Der Inductor All-In-One ist ein revolution\u00e4res Anw\u00e4rmsystem und Demontagewerkzeug, das mittels Induktion hohe Leistung erbringt. Es wird vorwiegend in der Automobilbranche eingesetzt, aber auch da, wo Bauteile aus Eisen und Metallen im Allgemeinen, einschlie\u00dflich Aluminium, schnell und effizient erw\u00e4rmt werden m\u00fcssen. Der Inductor All-In-One entfernt geklebte Elemente der Karosserie und ist ebenso zum Erw\u00e4rmen festgerosteter [&hellip;]<\/p>\n","protected":false},"featured_media":5570,"template":"","meta":{"ocean_post_layout":"","ocean_both_sidebars_style":"","ocean_both_sidebars_content_width":0,"ocean_both_sidebars_sidebars_width":0,"ocean_sidebar":"0","ocean_second_sidebar":"0","ocean_disable_margins":"enable","ocean_add_body_class":"","ocean_shortcode_before_top_bar":"","ocean_shortcode_after_top_bar":"","ocean_shortcode_before_header":"","ocean_shortcode_after_header":"","ocean_has_shortcode":"","ocean_shortcode_after_title":"","ocean_shortcode_before_footer_widgets":"","ocean_shortcode_after_footer_widgets":"","ocean_shortcode_before_footer_bottom":"","ocean_shortcode_after_footer_bottom":"","ocean_display_top_bar":"off","ocean_display_header":"default","ocean_header_style":"","ocean_center_header_left_menu":"0","ocean_custom_header_template":"0","ocean_custom_logo":0,"ocean_custom_retina_logo":0,"ocean_custom_logo_max_width":0,"ocean_custom_logo_tablet_max_width":0,"ocean_custom_logo_mobile_max_width":0,"ocean_custom_logo_max_height":0,"ocean_custom_logo_tablet_max_height":0,"ocean_custom_logo_mobile_max_height":0,"ocean_header_custom_menu":"0","ocean_menu_typo_font_family":"0","ocean_menu_typo_font_subset":"","ocean_menu_typo_font_size":0,"ocean_menu_typo_font_size_tablet":0,"ocean_menu_typo_font_size_mobile":0,"ocean_menu_typo_font_size_unit":"px","ocean_menu_typo_font_weight":"","ocean_menu_typo_font_weight_tablet":"","ocean_menu_typo_font_weight_mobile":"","ocean_menu_typo_transform":"","ocean_menu_typo_transform_tablet":"","ocean_menu_typo_transform_mobile":"","ocean_menu_typo_line_height":0,"ocean_menu_typo_line_height_tablet":0,"ocean_menu_typo_line_height_mobile":0,"ocean_menu_typo_line_height_unit":"","ocean_menu_typo_spacing":0,"ocean_menu_typo_spacing_tablet":0,"ocean_menu_typo_spacing_mobile":0,"ocean_menu_typo_spacing_unit":"","ocean_menu_link_color":"","ocean_menu_link_color_hover":"","ocean_menu_link_color_active":"","ocean_menu_link_background":"","ocean_menu_link_hover_background":"","ocean_menu_link_active_background":"","ocean_menu_social_links_bg":"","ocean_menu_social_hover_links_bg":"","ocean_menu_social_links_color":"","ocean_menu_social_hover_links_color":"","ocean_disable_title":"on","ocean_disable_heading":"default","ocean_post_title":"","ocean_post_subheading":"","ocean_post_title_style":"","ocean_post_title_background_color":"","ocean_post_title_background":0,"ocean_post_title_bg_image_position":"","ocean_post_title_bg_image_attachment":"","ocean_post_title_bg_image_repeat":"","ocean_post_title_bg_image_size":"","ocean_post_title_height":0,"ocean_post_title_bg_overlay":0.5,"ocean_post_title_bg_overlay_color":"","ocean_disable_breadcrumbs":"default","ocean_breadcrumbs_color":"","ocean_breadcrumbs_separator_color":"","ocean_breadcrumbs_links_color":"","ocean_breadcrumbs_links_hover_color":"","ocean_display_footer_widgets":"off","ocean_display_footer_bottom":"default","ocean_custom_footer_template":"0"},"product_brand":[],"product_cat":[310,129],"product_tag":[],"class_list":{"0":"post-722","1":"product","2":"type-product","3":"status-publish","4":"has-post-thumbnail","6":"product_cat-induktionserhitzer","7":"product_cat-produkte-induktionserwaermen","9":"entry","10":"has-media","12":"first","13":"instock","14":"virtual","15":"purchasable","16":"product-type-simple","17":"has-product-nav","18":"col","19":"span_1_of_3","20":"owp-content-center","21":"owp-thumbs-layout-horizontal","22":"owp-btn-normal","23":"owp-tabs-layout-horizontal"},"jetpack_sharing_enabled":true,"_links":{"self":[{"href":"https:\/\/kopie.cebotech.de\/index.php?rest_route=\/wp\/v2\/product\/722","targetHints":{"allow":["GET"]}}],"collection":[{"href":"https:\/\/kopie.cebotech.de\/index.php?rest_route=\/wp\/v2\/product"}],"about":[{"href":"https:\/\/kopie.cebotech.de\/index.php?rest_route=\/wp\/v2\/types\/product"}],"wp:featuredmedia":[{"embeddable":true,"href":"https:\/\/kopie.cebotech.de\/index.php?rest_route=\/wp\/v2\/media\/5570"}],"wp:attachment":[{"href":"https:\/\/kopie.cebotech.de\/index.php?rest_route=%2Fwp%2Fv2%2Fmedia&parent=722"}],"wp:term":[{"taxonomy":"product_brand","embeddable":true,"href":"https:\/\/kopie.cebotech.de\/index.php?rest_route=%2Fwp%2Fv2%2Fproduct_brand&post=722"},{"taxonomy":"product_cat","embeddable":true,"href":"https:\/\/kopie.cebotech.de\/index.php?rest_route=%2Fwp%2Fv2%2Fproduct_cat&post=722"},{"taxonomy":"product_tag","embeddable":true,"href":"https:\/\/kopie.cebotech.de\/index.php?rest_route=%2Fwp%2Fv2%2Fproduct_tag&post=722"}],"curies":[{"name":"wp","href":"https:\/\/api.w.org\/{rel}","templated":true}]}}