{"id":8555,"date":"2022-09-11T11:02:57","date_gmt":"2022-09-11T11:02:57","guid":{"rendered":"https:\/\/kopie.cebotech.de\/?post_type=product&#038;p=8555"},"modified":"2022-10-26T16:13:33","modified_gmt":"2022-10-26T16:13:33","slug":"teknel-xperience-18-18kw","status":"publish","type":"product","link":"https:\/\/kopie.cebotech.de\/?product=teknel-xperience-18-18kw","title":{"rendered":"Teknel &#8211; Xperience 18 &#8211; 18kW"},"content":{"rendered":"<p>Xperience XP18 Industrie-Induktionserhitzer (18 kW)! Spitzenprodukt f\u00fcr Stahlbau und Werkst\u00e4tten, die st\u00e4ndig an Nutzfahrzeugen, Lastkraftwagen und Schwerfahrzeugen im Allgemeinen arbeiten und gro\u00dfe Blechdicken in wenigen Sekunden f\u00fcr lange Arbeitszeiten erw\u00e4rmen m\u00fcssen. Er erzeugt eine sofortige Erw\u00e4rmung des Werkst\u00fccks, um Eisen- oder Aluminiumrahmen zu richten, rostige Verbindungen oder Schrauben zu l\u00f6sen, Kitt und Lackfarben zu entfernen.<\/p>\n<p>&nbsp;<\/p>\n<ul class=\"_3RyHt\" dir=\"ltr\" data-hook=\"columns-info-section\">\n<li class=\"_2Xjnt _160Z6\" data-hook=\"columns-info-item\">\n<h2 class=\"Text1270423484__root Text1270423484---typography-11-runningText Text1270423484---priority-7-primary s8gg2 _2Cjvf InfoSectionTitle3095652555__root\" aria-hidden=\"false\" data-hook=\"info-section-title\">TECHNISCHE MERKMALE:<\/h2>\n<div class=\"WncCi\" data-hook=\"info-section-description\">\n<p>&#8211; Maximale Leistung: 18kW in 10 Stufen w\u00e4hlbar<br \/>\n&#8211; Maximale Stromaufnahme: 30A<br \/>\n&#8211; Versorgungsspannung: 400V dreiphasig<br \/>\n&#8211; Netzfrequenz: 50Hz, oder 60Hz auf Anfrage<br \/>\n&#8211; Fl\u00fcssigkeitsk\u00fchlung<br \/>\n&#8211; Gewicht: 150Kg<\/p>\n<\/div>\n<\/li>\n<\/ul>\n","protected":false},"excerpt":{"rendered":"<p>Xperience XP18 Industrie-Induktionserhitzer (18 kW)! Spitzenprodukt f\u00fcr Stahlbau und Werkst\u00e4tten, die st\u00e4ndig an Nutzfahrzeugen, Lastkraftwagen und Schwerfahrzeugen im Allgemeinen arbeiten und gro\u00dfe Blechdicken in wenigen Sekunden f\u00fcr lange Arbeitszeiten erw\u00e4rmen m\u00fcssen. Er erzeugt eine sofortige Erw\u00e4rmung des Werkst\u00fccks, um Eisen- oder Aluminiumrahmen zu richten, rostige Verbindungen oder Schrauben zu l\u00f6sen, Kitt und Lackfarben zu entfernen. [&hellip;]<\/p>\n","protected":false},"featured_media":8556,"template":"","meta":{"ocean_post_layout":"","ocean_both_sidebars_style":"","ocean_both_sidebars_content_width":0,"ocean_both_sidebars_sidebars_width":0,"ocean_sidebar":"0","ocean_second_sidebar":"0","ocean_disable_margins":"enable","ocean_add_body_class":"","ocean_shortcode_before_top_bar":"","ocean_shortcode_after_top_bar":"","ocean_shortcode_before_header":"","ocean_shortcode_after_header":"","ocean_has_shortcode":"","ocean_shortcode_after_title":"","ocean_shortcode_before_footer_widgets":"","ocean_shortcode_after_footer_widgets":"","ocean_shortcode_before_footer_bottom":"","ocean_shortcode_after_footer_bottom":"","ocean_display_top_bar":"off","ocean_display_header":"default","ocean_header_style":"","ocean_center_header_left_menu":"0","ocean_custom_header_template":"0","ocean_custom_logo":0,"ocean_custom_retina_logo":0,"ocean_custom_logo_max_width":0,"ocean_custom_logo_tablet_max_width":0,"ocean_custom_logo_mobile_max_width":0,"ocean_custom_logo_max_height":0,"ocean_custom_logo_tablet_max_height":0,"ocean_custom_logo_mobile_max_height":0,"ocean_header_custom_menu":"0","ocean_menu_typo_font_family":"0","ocean_menu_typo_font_subset":"","ocean_menu_typo_font_size":0,"ocean_menu_typo_font_size_tablet":0,"ocean_menu_typo_font_size_mobile":0,"ocean_menu_typo_font_size_unit":"px","ocean_menu_typo_font_weight":"","ocean_menu_typo_font_weight_tablet":"","ocean_menu_typo_font_weight_mobile":"","ocean_menu_typo_transform":"","ocean_menu_typo_transform_tablet":"","ocean_menu_typo_transform_mobile":"","ocean_menu_typo_line_height":0,"ocean_menu_typo_line_height_tablet":0,"ocean_menu_typo_line_height_mobile":0,"ocean_menu_typo_line_height_unit":"","ocean_menu_typo_spacing":0,"ocean_menu_typo_spacing_tablet":0,"ocean_menu_typo_spacing_mobile":0,"ocean_menu_typo_spacing_unit":"","ocean_menu_link_color":"","ocean_menu_link_color_hover":"","ocean_menu_link_color_active":"","ocean_menu_link_background":"","ocean_menu_link_hover_background":"","ocean_menu_link_active_background":"","ocean_menu_social_links_bg":"","ocean_menu_social_hover_links_bg":"","ocean_menu_social_links_color":"","ocean_menu_social_hover_links_color":"","ocean_disable_title":"on","ocean_disable_heading":"default","ocean_post_title":"","ocean_post_subheading":"","ocean_post_title_style":"","ocean_post_title_background_color":"","ocean_post_title_background":0,"ocean_post_title_bg_image_position":"","ocean_post_title_bg_image_attachment":"","ocean_post_title_bg_image_repeat":"","ocean_post_title_bg_image_size":"","ocean_post_title_height":0,"ocean_post_title_bg_overlay":0.5,"ocean_post_title_bg_overlay_color":"","ocean_disable_breadcrumbs":"default","ocean_breadcrumbs_color":"","ocean_breadcrumbs_separator_color":"","ocean_breadcrumbs_links_color":"","ocean_breadcrumbs_links_hover_color":"","ocean_display_footer_widgets":"off","ocean_display_footer_bottom":"default","ocean_custom_footer_template":"0"},"product_brand":[],"product_cat":[129,263],"product_tag":[],"class_list":{"0":"post-8555","1":"product","2":"type-product","3":"status-publish","4":"has-post-thumbnail","6":"product_cat-produkte-induktionserwaermen","7":"product_cat-produkte-teknel-induktionserhitzer","9":"entry","10":"has-media","12":"first","13":"instock","14":"virtual","15":"purchasable","16":"product-type-simple","17":"has-product-nav","18":"col","19":"span_1_of_3","20":"owp-content-center","21":"owp-thumbs-layout-horizontal","22":"owp-btn-normal","23":"owp-tabs-layout-horizontal","24":"has-no-thumbnails"},"jetpack_sharing_enabled":true,"_links":{"self":[{"href":"https:\/\/kopie.cebotech.de\/index.php?rest_route=\/wp\/v2\/product\/8555","targetHints":{"allow":["GET"]}}],"collection":[{"href":"https:\/\/kopie.cebotech.de\/index.php?rest_route=\/wp\/v2\/product"}],"about":[{"href":"https:\/\/kopie.cebotech.de\/index.php?rest_route=\/wp\/v2\/types\/product"}],"wp:featuredmedia":[{"embeddable":true,"href":"https:\/\/kopie.cebotech.de\/index.php?rest_route=\/wp\/v2\/media\/8556"}],"wp:attachment":[{"href":"https:\/\/kopie.cebotech.de\/index.php?rest_route=%2Fwp%2Fv2%2Fmedia&parent=8555"}],"wp:term":[{"taxonomy":"product_brand","embeddable":true,"href":"https:\/\/kopie.cebotech.de\/index.php?rest_route=%2Fwp%2Fv2%2Fproduct_brand&post=8555"},{"taxonomy":"product_cat","embeddable":true,"href":"https:\/\/kopie.cebotech.de\/index.php?rest_route=%2Fwp%2Fv2%2Fproduct_cat&post=8555"},{"taxonomy":"product_tag","embeddable":true,"href":"https:\/\/kopie.cebotech.de\/index.php?rest_route=%2Fwp%2Fv2%2Fproduct_tag&post=8555"}],"curies":[{"name":"wp","href":"https:\/\/api.w.org\/{rel}","templated":true}]}}