{"id":915,"date":"2021-10-23T09:49:26","date_gmt":"2021-10-23T09:49:26","guid":{"rendered":"https:\/\/kopie.cebotech.de\/?post_type=product&#038;p=915"},"modified":"2022-10-26T16:43:14","modified_gmt":"2022-10-26T16:43:14","slug":"ceboliner-stahl-alu-topline-t-spot-120-tsw-150020","status":"publish","type":"product","link":"https:\/\/kopie.cebotech.de\/?product=ceboliner-stahl-alu-topline-t-spot-120-tsw-150020","title":{"rendered":"Ceboliner Stahl\/Alu TOPLINE T-Spot 120 + TSW 150020"},"content":{"rendered":"<p>Ausbeulstation <strong>CEBOLINER TOPLINE<\/strong><\/p>\n<p>Vollausger\u00fcstetes, profesionelles Ausbeulsystem<br \/>\nf\u00fcr Stahlkarosseriebleche und Alukarosseriebleche<\/p>\n<p>Hochleistungsspotter mit manuell ausgel\u00f6ster Multifunktionspistole und automatisch ausl\u00f6sender Schnellanschlussklemme. Extrem leichte Handhabung mit reproduzierbaren Ergebnissen durch voreingestellte, fein justierbare Programme.<\/p>\n<p>Bew\u00e4hrter Aluspotter f\u00fcr guten Halt der Anschwei\u00dfbolzen auf verschiedenen Aluminiumlegierungen.<br \/>\nUmfangreiches Alu-Verarbeitungsset zur gezielten W\u00e4rmebehandlung der Dellen.<br \/>\nAluhammerset 7-teilig zur exakten Bearbeitung auch schwieriger Oberfl\u00e4chen.<\/p>\n<p>ELECTROPOWER Zug-Druck-Ger\u00e4t f\u00fcr gr\u00f6\u00dfere Sch\u00e4den<br \/>\nKlebekoffer &#8220;Gross&#8221; zur Beseitigung &#8220;weicher&#8221; Dellen ohne Lackierarbeiten<\/p>\n<p>&nbsp;<\/p>\n<p><strong>Produktinformationen<\/strong> hier <a href=\"https:\/\/kopie.cebotech.de\/wp-content\/uploads\/2021\/10\/Ceboliner-Version-E_2015-1-1.pdf\">downloaden<\/a>.<\/p>\n","protected":false},"excerpt":{"rendered":"<p>Ausbeulstation CEBOLINER TOPLINE Vollausger\u00fcstetes, profesionelles Ausbeulsystem f\u00fcr Stahlkarosseriebleche und Alukarosseriebleche Hochleistungsspotter mit manuell ausgel\u00f6ster Multifunktionspistole und automatisch ausl\u00f6sender Schnellanschlussklemme. Extrem leichte Handhabung mit reproduzierbaren Ergebnissen durch voreingestellte, fein justierbare Programme. Bew\u00e4hrter Aluspotter f\u00fcr guten Halt der Anschwei\u00dfbolzen auf verschiedenen Aluminiumlegierungen. Umfangreiches Alu-Verarbeitungsset zur gezielten W\u00e4rmebehandlung der Dellen. Aluhammerset 7-teilig zur exakten Bearbeitung auch schwieriger Oberfl\u00e4chen. [&hellip;]<\/p>\n","protected":false},"featured_media":916,"template":"","meta":{"ocean_post_layout":"","ocean_both_sidebars_style":"","ocean_both_sidebars_content_width":0,"ocean_both_sidebars_sidebars_width":0,"ocean_sidebar":"0","ocean_second_sidebar":"0","ocean_disable_margins":"enable","ocean_add_body_class":"","ocean_shortcode_before_top_bar":"","ocean_shortcode_after_top_bar":"","ocean_shortcode_before_header":"","ocean_shortcode_after_header":"","ocean_has_shortcode":"","ocean_shortcode_after_title":"","ocean_shortcode_before_footer_widgets":"","ocean_shortcode_after_footer_widgets":"","ocean_shortcode_before_footer_bottom":"","ocean_shortcode_after_footer_bottom":"","ocean_display_top_bar":"default","ocean_display_header":"default","ocean_header_style":"","ocean_center_header_left_menu":"0","ocean_custom_header_template":"0","ocean_custom_logo":0,"ocean_custom_retina_logo":0,"ocean_custom_logo_max_width":0,"ocean_custom_logo_tablet_max_width":0,"ocean_custom_logo_mobile_max_width":0,"ocean_custom_logo_max_height":0,"ocean_custom_logo_tablet_max_height":0,"ocean_custom_logo_mobile_max_height":0,"ocean_header_custom_menu":"0","ocean_menu_typo_font_family":"0","ocean_menu_typo_font_subset":"","ocean_menu_typo_font_size":0,"ocean_menu_typo_font_size_tablet":0,"ocean_menu_typo_font_size_mobile":0,"ocean_menu_typo_font_size_unit":"px","ocean_menu_typo_font_weight":"","ocean_menu_typo_font_weight_tablet":"","ocean_menu_typo_font_weight_mobile":"","ocean_menu_typo_transform":"","ocean_menu_typo_transform_tablet":"","ocean_menu_typo_transform_mobile":"","ocean_menu_typo_line_height":0,"ocean_menu_typo_line_height_tablet":0,"ocean_menu_typo_line_height_mobile":0,"ocean_menu_typo_line_height_unit":"","ocean_menu_typo_spacing":0,"ocean_menu_typo_spacing_tablet":0,"ocean_menu_typo_spacing_mobile":0,"ocean_menu_typo_spacing_unit":"","ocean_menu_link_color":"","ocean_menu_link_color_hover":"","ocean_menu_link_color_active":"","ocean_menu_link_background":"","ocean_menu_link_hover_background":"","ocean_menu_link_active_background":"","ocean_menu_social_links_bg":"","ocean_menu_social_hover_links_bg":"","ocean_menu_social_links_color":"","ocean_menu_social_hover_links_color":"","ocean_disable_title":"default","ocean_disable_heading":"default","ocean_post_title":"","ocean_post_subheading":"","ocean_post_title_style":"","ocean_post_title_background_color":"","ocean_post_title_background":0,"ocean_post_title_bg_image_position":"","ocean_post_title_bg_image_attachment":"","ocean_post_title_bg_image_repeat":"","ocean_post_title_bg_image_size":"","ocean_post_title_height":0,"ocean_post_title_bg_overlay":0.5,"ocean_post_title_bg_overlay_color":"","ocean_disable_breadcrumbs":"default","ocean_breadcrumbs_color":"","ocean_breadcrumbs_separator_color":"","ocean_breadcrumbs_links_color":"","ocean_breadcrumbs_links_hover_color":"","ocean_display_footer_widgets":"default","ocean_display_footer_bottom":"default","ocean_custom_footer_template":"0"},"product_brand":[],"product_cat":[116],"product_tag":[],"class_list":{"0":"post-915","1":"product","2":"type-product","3":"status-publish","4":"has-post-thumbnail","6":"product_cat-produkte-ausbeulen-zugsysteme","8":"entry","9":"has-media","11":"first","12":"instock","13":"virtual","14":"purchasable","15":"product-type-simple","16":"has-product-nav","17":"col","18":"span_1_of_3","19":"owp-content-center","20":"owp-thumbs-layout-horizontal","21":"owp-btn-normal","22":"owp-tabs-layout-horizontal"},"jetpack_sharing_enabled":true,"_links":{"self":[{"href":"https:\/\/kopie.cebotech.de\/index.php?rest_route=\/wp\/v2\/product\/915","targetHints":{"allow":["GET"]}}],"collection":[{"href":"https:\/\/kopie.cebotech.de\/index.php?rest_route=\/wp\/v2\/product"}],"about":[{"href":"https:\/\/kopie.cebotech.de\/index.php?rest_route=\/wp\/v2\/types\/product"}],"wp:featuredmedia":[{"embeddable":true,"href":"https:\/\/kopie.cebotech.de\/index.php?rest_route=\/wp\/v2\/media\/916"}],"wp:attachment":[{"href":"https:\/\/kopie.cebotech.de\/index.php?rest_route=%2Fwp%2Fv2%2Fmedia&parent=915"}],"wp:term":[{"taxonomy":"product_brand","embeddable":true,"href":"https:\/\/kopie.cebotech.de\/index.php?rest_route=%2Fwp%2Fv2%2Fproduct_brand&post=915"},{"taxonomy":"product_cat","embeddable":true,"href":"https:\/\/kopie.cebotech.de\/index.php?rest_route=%2Fwp%2Fv2%2Fproduct_cat&post=915"},{"taxonomy":"product_tag","embeddable":true,"href":"https:\/\/kopie.cebotech.de\/index.php?rest_route=%2Fwp%2Fv2%2Fproduct_tag&post=915"}],"curies":[{"name":"wp","href":"https:\/\/api.w.org\/{rel}","templated":true}]}}